Last updated on 2023-02-05 07:57:40 CET.
Flavor | Version | Tinstall | Tcheck | Ttotal | Status | Flags |
---|---|---|---|---|---|---|
r-devel-linux-x86_64-debian-clang | 0.1.2 | 53.78 | 104.54 | 158.32 | NOTE | |
r-devel-linux-x86_64-debian-gcc | 0.1.2 | 46.09 | 90.30 | 136.39 | NOTE | |
r-devel-linux-x86_64-fedora-clang | 0.1.2 | 196.34 | NOTE | |||
r-devel-linux-x86_64-fedora-gcc | 0.1.2 | 196.77 | NOTE | |||
r-devel-windows-x86_64 | 0.1.2 | 54.00 | 139.00 | 193.00 | NOTE | |
r-patched-linux-x86_64 | 0.1.2 | 51.34 | 106.00 | 157.34 | OK | |
r-release-linux-x86_64 | 0.1.2 | 47.33 | 105.18 | 152.51 | OK | |
r-release-macos-arm64 | 0.1.2 | 52.00 | NOTE | |||
r-release-macos-x86_64 | 0.1.2 | 80.00 | NOTE | |||
r-release-windows-x86_64 | 0.1.2 | 53.00 | 201.00 | 254.00 | OK | |
r-oldrel-macos-arm64 | 0.1.2 | 69.00 | NOTE | |||
r-oldrel-macos-x86_64 | 0.1.2 | 76.00 | NOTE | |||
r-oldrel-windows-ix86+x86_64 | 0.1.2 | 134.00 | 236.00 | 370.00 | OK |
Version: 0.1.2
Check: C++ specification
Result: NOTE
Specified C++11: please update to current default of C++17
Flavors: r-devel-linux-x86_64-debian-clang, r-devel-linux-x86_64-debian-gcc, r-devel-linux-x86_64-fedora-clang, r-devel-linux-x86_64-fedora-gcc, r-devel-windows-x86_64
Version: 0.1.2
Check: installed package size
Result: NOTE
installed size is 7.8Mb
sub-directories of 1Mb or more:
libs 7.5Mb
Flavors: r-release-macos-arm64, r-release-macos-x86_64, r-oldrel-macos-arm64, r-oldrel-macos-x86_64