Last updated on 2023-02-05 07:57:40 CET.
Flavor | Version | Tinstall | Tcheck | Ttotal | Status | Flags |
---|---|---|---|---|---|---|
r-devel-linux-x86_64-debian-clang | 1.0.2 | 11.56 | 102.88 | 114.44 | NOTE | |
r-devel-linux-x86_64-debian-gcc | 1.0.2 | 9.96 | 77.14 | 87.10 | NOTE | |
r-devel-linux-x86_64-fedora-clang | 1.0.2 | 138.87 | NOTE | |||
r-devel-linux-x86_64-fedora-gcc | 1.0.2 | 148.61 | NOTE | |||
r-devel-windows-x86_64 | 1.0.2 | 40.00 | 124.00 | 164.00 | NOTE | |
r-patched-linux-x86_64 | 1.0.2 | 10.46 | 97.47 | 107.93 | NOTE | |
r-release-linux-x86_64 | 1.0.2 | 7.95 | 97.19 | 105.14 | NOTE | |
r-release-macos-arm64 | 1.0.2 | 37.00 | NOTE | |||
r-release-macos-x86_64 | 1.0.2 | 59.00 | NOTE | |||
r-release-windows-x86_64 | 1.0.2 | 35.00 | 143.00 | 178.00 | NOTE | |
r-oldrel-macos-arm64 | 1.0.2 | 45.00 | NOTE | |||
r-oldrel-macos-x86_64 | 1.0.2 | 77.00 | NOTE | |||
r-oldrel-windows-ix86+x86_64 | 1.0.2 | 23.00 | 129.00 | 152.00 | NOTE |
Version: 1.0.2
Check: LazyData
Result: NOTE
'LazyData' is specified without a 'data' directory
Flavors: r-devel-linux-x86_64-debian-clang, r-devel-linux-x86_64-debian-gcc, r-devel-linux-x86_64-fedora-clang, r-devel-linux-x86_64-fedora-gcc, r-devel-windows-x86_64, r-patched-linux-x86_64, r-release-linux-x86_64, r-release-macos-arm64, r-release-macos-x86_64, r-release-windows-x86_64, r-oldrel-macos-arm64, r-oldrel-macos-x86_64, r-oldrel-windows-ix86+x86_64