Last updated on 2023-03-28 07:53:19 CEST.
Flavor | Version | Tinstall | Tcheck | Ttotal | Status | Flags |
---|---|---|---|---|---|---|
r-devel-linux-x86_64-debian-clang | 0.4 | 2.23 | 29.97 | 32.20 | NOTE | |
r-devel-linux-x86_64-debian-gcc | 0.4 | 2.36 | 23.48 | 25.84 | NOTE | |
r-devel-linux-x86_64-fedora-clang | 0.4 | 41.20 | NOTE | |||
r-devel-linux-x86_64-fedora-gcc | 0.4 | 40.46 | NOTE | |||
r-patched-linux-x86_64 | 0.4 | 2.63 | 28.76 | 31.39 | NOTE | |
r-release-linux-x86_64 | 0.4 | 2.82 | 29.85 | 32.67 | NOTE | |
r-release-macos-arm64 | 0.4 | 18.00 | NOTE | |||
r-release-macos-x86_64 | 0.4 | 24.00 | NOTE | |||
r-release-windows-x86_64 | 0.4 | 20.00 | 61.00 | 81.00 | NOTE | |
r-oldrel-macos-arm64 | 0.4 | 21.00 | NOTE | |||
r-oldrel-macos-x86_64 | 0.4 | 28.00 | NOTE | |||
r-oldrel-windows-ix86+x86_64 | 0.4 | 7.00 | 55.00 | 62.00 | NOTE |
Version: 0.4
Check: DESCRIPTION meta-information
Result: NOTE
Malformed Description field: should contain one or more complete sentences.
Flavors: r-devel-linux-x86_64-debian-clang, r-devel-linux-x86_64-debian-gcc, r-devel-linux-x86_64-fedora-clang, r-devel-linux-x86_64-fedora-gcc, r-patched-linux-x86_64, r-release-linux-x86_64, r-release-macos-arm64, r-release-macos-x86_64, r-release-windows-x86_64, r-oldrel-macos-arm64, r-oldrel-macos-x86_64, r-oldrel-windows-ix86+x86_64