CRAN Package Check Results for Package yuima

Last updated on 2023-01-26 07:54:06 CET.

Flavor Version Tinstall Tcheck Ttotal Status Flags
r-devel-linux-x86_64-debian-clang 1.15.22 152.44 250.46 402.90 OK
r-devel-linux-x86_64-debian-gcc 1.15.22 128.97 181.14 310.11 OK
r-devel-linux-x86_64-fedora-clang 1.15.22 630.34 OK
r-devel-linux-x86_64-fedora-gcc 1.15.22 370.45 OK
r-patched-linux-x86_64 1.15.22 128.76 226.48 355.24 OK
r-release-linux-x86_64 1.15.22 129.33 227.84 357.17 OK
r-release-macos-arm64 1.15.22 128.00 NOTE
r-release-macos-x86_64 1.15.22 170.00 NOTE
r-release-windows-x86_64 1.15.22 231.00 320.00 551.00 OK
r-oldrel-macos-arm64 1.15.22 117.00 NOTE
r-oldrel-macos-x86_64 1.15.22 166.00 NOTE
r-oldrel-windows-ix86+x86_64 1.15.22 316.00 410.00 726.00 NOTE

Check Details

Version: 1.15.22
Check: installed package size
Result: NOTE
     installed size is 8.7Mb
     sub-directories of 1Mb or more:
     R 3.0Mb
     libs 4.6Mb
Flavors: r-release-macos-arm64, r-release-macos-x86_64, r-oldrel-macos-arm64, r-oldrel-macos-x86_64, r-oldrel-windows-ix86+x86_64