Last updated on 2023-02-08 07:54:48 CET.
Flavor | Version | Tinstall | Tcheck | Ttotal | Status | Flags |
---|---|---|---|---|---|---|
r-devel-linux-x86_64-debian-clang | 0.1.2 | 48.68 | 110.35 | 159.03 | NOTE | |
r-devel-linux-x86_64-debian-gcc | 0.1.2 | 39.36 | 82.72 | 122.08 | NOTE | |
r-devel-linux-x86_64-fedora-clang | 0.1.2 | 191.18 | NOTE | |||
r-devel-linux-x86_64-fedora-gcc | 0.1.2 | 199.07 | NOTE | |||
r-devel-windows-x86_64 | 0.1.2 | 55.00 | 151.00 | 206.00 | NOTE | |
r-patched-linux-x86_64 | 0.1.2 | 43.01 | 101.64 | 144.65 | OK | |
r-release-linux-x86_64 | 0.1.2 | 41.92 | 103.21 | 145.13 | OK | |
r-release-macos-arm64 | 0.1.2 | 61.00 | OK | |||
r-release-macos-x86_64 | 0.1.2 | 77.00 | OK | |||
r-release-windows-x86_64 | 0.1.2 | 51.00 | 169.00 | 220.00 | OK | |
r-oldrel-macos-arm64 | 0.1.2 | 54.00 | OK | |||
r-oldrel-macos-x86_64 | 0.1.2 | 75.00 | OK | |||
r-oldrel-windows-ix86+x86_64 | 0.1.2 | 112.00 | 187.00 | 299.00 | OK |
Version: 0.1.2
Check: C++ specification
Result: NOTE
Specified C++11: please update to current default of C++17
Flavors: r-devel-linux-x86_64-debian-clang, r-devel-windows-x86_64
Version: 0.1.2
Check: C++ specification
Result: NOTE
Specified C++11: please drop specification unless essential
Flavors: r-devel-linux-x86_64-debian-gcc, r-devel-linux-x86_64-fedora-clang, r-devel-linux-x86_64-fedora-gcc