CRAN Package Check Results for Package yager

Last updated on 2025-01-20 08:48:42 CET.

Flavor Version Tinstall Tcheck Ttotal Status Flags
r-devel-linux-x86_64-debian-clang 0.1.1 2.93 27.00 29.93 OK
r-devel-linux-x86_64-debian-gcc 0.1.1 2.18 21.59 23.77 OK
r-devel-linux-x86_64-fedora-clang 0.1.1 48.76 OK
r-devel-linux-x86_64-fedora-gcc 0.1.1 47.33 OK
r-devel-windows-x86_64 0.1.1 4.00 51.00 55.00 OK
r-patched-linux-x86_64 0.1.1 2.56 26.00 28.56 NOTE
r-release-linux-x86_64 0.1.1 2.70 25.90 28.60 NOTE
r-release-macos-arm64 0.1.1 20.00 NOTE
r-release-macos-x86_64 0.1.1 36.00 NOTE
r-release-windows-x86_64 0.1.1 5.00 55.00 60.00 NOTE
r-oldrel-macos-arm64 0.1.1 20.00 NOTE
r-oldrel-macos-x86_64 0.1.1 29.00 NOTE
r-oldrel-windows-x86_64 0.1.1 5.00 56.00 61.00 NOTE

Check Details

Version: 0.1.1
Check: LazyData
Result: NOTE 'LazyData' is specified without a 'data' directory Flavors: r-patched-linux-x86_64, r-release-linux-x86_64, r-release-macos-arm64, r-release-macos-x86_64, r-release-windows-x86_64, r-oldrel-macos-arm64, r-oldrel-macos-x86_64, r-oldrel-windows-x86_64