CRAN Package Check Results for Package xfun

Last updated on 2024-03-03 08:52:49 CET.

Flavor Version Tinstall Tcheck Ttotal Status Flags
r-devel-linux-x86_64-debian-clang 0.42 8.19 62.68 70.87 OK
r-devel-linux-x86_64-debian-gcc 0.42 4.67 48.32 52.99 OK
r-devel-linux-x86_64-fedora-clang 0.42 86.12 OK
r-devel-linux-x86_64-fedora-gcc 0.42 92.16 OK
r-devel-windows-x86_64 0.42 12.00 90.00 102.00 OK
r-patched-linux-x86_64 0.42 9.50 60.09 69.59 OK
r-release-linux-x86_64 0.42 7.28 60.73 68.01 OK
r-release-macos-arm64 0.42 70.00 OK
r-release-macos-x86_64 0.42 174.00 OK
r-release-windows-x86_64 0.42 2.00 6.00 8.00 ERROR
r-oldrel-macos-arm64 0.42 79.00 OK
r-oldrel-windows-x86_64 0.42 13.00 93.00 106.00 OK

Check Details

Version: 0.42
Check: whether package can be installed
Result: ERROR Installation failed. Flavor: r-release-windows-x86_64