Last updated on 2023-03-31 07:53:44 CEST.
Flavor | Version | Tinstall | Tcheck | Ttotal | Status | Flags |
---|---|---|---|---|---|---|
r-devel-linux-x86_64-debian-clang | 0.1.1 | 15.95 | 139.96 | 155.91 | OK | |
r-devel-linux-x86_64-debian-gcc | 0.1.1 | 13.84 | 102.65 | 116.49 | OK | |
r-devel-linux-x86_64-fedora-clang | 0.1.1 | 188.59 | NOTE | |||
r-devel-linux-x86_64-fedora-gcc | 0.1.1 | 187.51 | NOTE | |||
r-patched-linux-x86_64 | 0.1.1 | 18.32 | 128.91 | 147.23 | OK | |
r-release-linux-x86_64 | 0.1.1 | 20.76 | 147.86 | 168.62 | OK | |
r-release-macos-arm64 | 0.1.1 | 91.00 | NOTE | |||
r-release-macos-x86_64 | 0.1.1 | 141.00 | NOTE | |||
r-release-windows-x86_64 | 0.1.1 | 44.00 | 170.00 | 214.00 | OK | |
r-oldrel-macos-arm64 | 0.1.1 | 67.00 | NOTE | |||
r-oldrel-macos-x86_64 | 0.1.1 | 109.00 | NOTE | |||
r-oldrel-windows-ix86+x86_64 | 0.1.1 | 30.00 | 144.00 | 174.00 | OK |
Version: 0.1.1
Check: dependencies in R code
Result: NOTE
Namespace in Imports field not imported from: ‘tcltk2’
All declared Imports should be used.
Flavors: r-devel-linux-x86_64-fedora-clang, r-devel-linux-x86_64-fedora-gcc, r-release-macos-arm64, r-release-macos-x86_64, r-oldrel-macos-arm64, r-oldrel-macos-x86_64