Last updated on 2023-12-06 07:50:34 CET.
Flavor | Version | Tinstall | Tcheck | Ttotal | Status | Flags |
---|---|---|---|---|---|---|
r-devel-linux-x86_64-debian-clang | 1.1.22 | 8.22 | 71.44 | 79.66 | NOTE | |
r-devel-linux-x86_64-debian-gcc | 1.1.22 | 5.47 | 52.78 | 58.25 | NOTE | |
r-devel-linux-x86_64-fedora-clang | 1.1.22 | 97.47 | OK | |||
r-devel-linux-x86_64-fedora-gcc | 1.1.22 | 103.17 | OK | |||
r-devel-windows-x86_64 | 1.1.22 | 7.00 | 79.00 | 86.00 | OK | |
r-patched-linux-x86_64 | 1.1.22 | 5.20 | 66.05 | 71.25 | OK | |
r-release-linux-x86_64 | 1.1.22 | 5.82 | 68.05 | 73.87 | OK | |
r-release-macos-arm64 | 1.1.22 | 35.00 | OK | |||
r-release-macos-x86_64 | 1.1.22 | 79.00 | OK | |||
r-release-windows-x86_64 | 1.1.22 | 9.00 | 86.00 | 95.00 | OK | |
r-oldrel-macos-arm64 | 1.1.22 | 38.00 | OK | |||
r-oldrel-macos-x86_64 | 1.1.22 | 48.00 | OK | |||
r-oldrel-windows-x86_64 | 1.1.22 | 10.00 | 92.00 | 102.00 | OK |
Version: 1.1.22
Check: Rd files
Result: NOTE
checkRd: (-1) exploreSignatures.Rd:47: Lost braces in \itemize; \value handles \item{}{} directly
checkRd: (-1) exploreSignatures.Rd:48: Lost braces in \itemize; \value handles \item{}{} directly
checkRd: (-1) exploreSignatures.Rd:49-50: Lost braces in \itemize; \value handles \item{}{} directly
checkRd: (-1) exploreSignatures.Rd:56: Lost braces in \itemize; \value handles \item{}{} directly
checkRd: (-1) exploreSignatures.Rd:57: Lost braces in \itemize; \value handles \item{}{} directly
checkRd: (-1) exploreSignatures.Rd:58-59: Lost braces in \itemize; \value handles \item{}{} directly
checkRd: (-1) exploreSignatures.Rd:65-66: Lost braces in \itemize; \value handles \item{}{} directly
checkRd: (-1) exploreSignatures.Rd:67-69: Lost braces in \itemize; \value handles \item{}{} directly
checkRd: (-1) generateData.Rd:47: Lost braces
47 | \bold{code{data}} \tab the generated data \cr
| ^
checkRd: (-1) generateData.Rd:53: Lost braces
53 | Refer to \bold{\emph{code{\link{retrieveDataFactory}}}} and to
| ^
checkRd: (-1) qualifyFunctionArguments.Rd:14: Lost braces
14 | A emph{\code{list}} with following names
| ^
checkRd: (-1) qualifyFunctionArguments.Rd:26: Lost braces
26 | \item{code{arguments}}{a \code{pairList} of argument names and values.
| ^
Flavors: r-devel-linux-x86_64-debian-clang, r-devel-linux-x86_64-debian-gcc