Last updated on 2023-02-06 06:52:14 CET.
Flavor | Version | Tinstall | Tcheck | Ttotal | Status | Flags |
---|---|---|---|---|---|---|
r-devel-linux-x86_64-debian-clang | 1.0.4 | 15.13 | 314.85 | 329.98 | OK | |
r-devel-linux-x86_64-debian-gcc | 1.0.4 | 11.76 | 232.04 | 243.80 | OK | |
r-devel-linux-x86_64-fedora-clang | 1.0.4 | 407.37 | OK | |||
r-devel-linux-x86_64-fedora-gcc | 1.0.4 | 430.47 | OK | |||
r-devel-windows-x86_64 | 1.0.4 | 221.00 | 462.00 | 683.00 | OK | |
r-patched-linux-x86_64 | 1.0.4 | 12.57 | 293.08 | 305.65 | OK | |
r-release-linux-x86_64 | 1.0.4 | 10.51 | 295.14 | 305.65 | OK | |
r-release-macos-arm64 | 1.0.4 | 104.00 | OK | |||
r-release-macos-x86_64 | 1.0.4 | 185.00 | OK | |||
r-release-windows-x86_64 | 1.0.4 | 52.00 | 493.00 | 545.00 | OK | |
r-oldrel-macos-arm64 | 1.0.4 | 114.00 | NOTE | |||
r-oldrel-macos-x86_64 | 1.0.4 | 147.00 | OK | |||
r-oldrel-windows-ix86+x86_64 | 1.0.4 | 27.00 | 419.00 | 446.00 | OK |
Version: 1.0.4
Check: package dependencies
Result: NOTE
Package suggested but not available for checking: ‘vdiffr’
Flavor: r-oldrel-macos-arm64