Last updated on 2023-02-06 06:52:14 CET.
Flavor | Version | Tinstall | Tcheck | Ttotal | Status | Flags |
---|---|---|---|---|---|---|
r-devel-linux-x86_64-debian-clang | 1.7.30 | 91.54 | 37.35 | 128.89 | NOTE | |
r-devel-linux-x86_64-debian-gcc | 1.7.30 | 68.02 | 28.94 | 96.96 | NOTE | |
r-devel-linux-x86_64-fedora-clang | 1.7.30 | 191.03 | NOTE | |||
r-devel-linux-x86_64-fedora-gcc | 1.7.30 | 187.20 | NOTE | |||
r-devel-windows-x86_64 | 1.7.30 | 153.00 | 100.00 | 253.00 | NOTE | |
r-patched-linux-x86_64 | 1.7.30 | 79.10 | 36.96 | 116.06 | OK | |
r-release-linux-x86_64 | 1.7.30 | 70.88 | 37.44 | 108.32 | OK | |
r-release-macos-arm64 | 1.7.30 | 49.00 | OK | |||
r-release-macos-x86_64 | 1.7.30 | 63.00 | OK | |||
r-release-windows-x86_64 | 1.7.30 | 79.00 | 104.00 | 183.00 | OK | |
r-oldrel-macos-arm64 | 1.7.30 | 48.00 | OK | |||
r-oldrel-macos-x86_64 | 1.7.30 | 66.00 | OK | |||
r-oldrel-windows-ix86+x86_64 | 1.7.30 | 214.00 | 97.00 | 311.00 | OK |
Version: 1.7.30
Check: C++ specification
Result: NOTE
Specified C++11: please update to current default of C++17
Flavors: r-devel-linux-x86_64-debian-clang, r-devel-linux-x86_64-debian-gcc, r-devel-linux-x86_64-fedora-clang, r-devel-linux-x86_64-fedora-gcc, r-devel-windows-x86_64