Last updated on 2023-01-27 07:50:48 CET.
Flavor | Version | Tinstall | Tcheck | Ttotal | Status | Flags |
---|---|---|---|---|---|---|
r-devel-linux-x86_64-debian-clang | 1.1-2 | 3.67 | 43.39 | 47.06 | OK | |
r-devel-linux-x86_64-debian-gcc | 1.1-2 | 2.47 | 34.50 | 36.97 | OK | |
r-devel-linux-x86_64-fedora-clang | 1.1-2 | 58.52 | NOTE | |||
r-devel-linux-x86_64-fedora-gcc | 1.1-2 | 56.12 | OK | |||
r-patched-linux-x86_64 | 1.1-2 | 3.59 | 42.35 | 45.94 | OK | |
r-release-linux-x86_64 | 1.1-2 | 3.37 | 42.57 | 45.94 | OK | |
r-release-macos-arm64 | 1.1-2 | 25.00 | NOTE | |||
r-release-macos-x86_64 | 1.1-2 | 36.00 | NOTE | |||
r-release-windows-x86_64 | 1.1-2 | 38.00 | 85.00 | 123.00 | NOTE | |
r-oldrel-macos-arm64 | 1.1-2 | 29.00 | NOTE | |||
r-oldrel-macos-x86_64 | 1.1-2 | 44.00 | NOTE | |||
r-oldrel-windows-ix86+x86_64 | 1.1-2 | 9.00 | 74.00 | 83.00 | NOTE |
Version: 1.1-2
Check: installed package size
Result: NOTE
installed size is 11.4Mb
sub-directories of 1Mb or more:
data 11.2Mb
Flavors: r-devel-linux-x86_64-fedora-clang, r-release-macos-arm64, r-release-macos-x86_64, r-release-windows-x86_64, r-oldrel-macos-arm64, r-oldrel-macos-x86_64, r-oldrel-windows-ix86+x86_64