CRAN Package Check Results for Package wpp2012

Last updated on 2022-11-28 07:02:00 CET.

Flavor Version Tinstall Tcheck Ttotal Status Flags
r-devel-linux-x86_64-debian-clang 2.2-1 2.90 38.36 41.26 NOTE
r-devel-linux-x86_64-debian-gcc 2.2-1 1.94 30.22 32.16 NOTE
r-devel-linux-x86_64-fedora-clang 2.2-1 60.43 NOTE
r-devel-linux-x86_64-fedora-gcc 2.2-1 62.73 NOTE
r-devel-windows-x86_64 2.2-1 33.00 76.00 109.00 NOTE
r-patched-linux-x86_64 2.2-1 3.01 35.95 38.96 NOTE
r-release-linux-x86_64 2.2-1 2.75 36.49 39.24 NOTE
r-release-macos-arm64 2.2-1 23.00 NOTE
r-release-macos-x86_64 2.2-1 35.00 NOTE
r-release-windows-x86_64 2.2-1 11.00 70.00 81.00 NOTE
r-oldrel-macos-arm64 2.2-1 61.00 NOTE
r-oldrel-macos-x86_64 2.2-1 110.00 NOTE
r-oldrel-windows-ix86+x86_64 2.2-1 7.00 44.00 51.00 NOTE

Check Details

Version: 2.2-1
Check: DESCRIPTION meta-information
Result: NOTE
    Malformed Description field: should contain one or more complete sentences.
Flavors: r-devel-linux-x86_64-debian-clang, r-devel-linux-x86_64-debian-gcc, r-devel-linux-x86_64-fedora-clang, r-devel-linux-x86_64-fedora-gcc, r-devel-windows-x86_64, r-patched-linux-x86_64, r-release-linux-x86_64, r-release-macos-arm64, r-release-macos-x86_64, r-release-windows-x86_64, r-oldrel-macos-arm64, r-oldrel-macos-x86_64, r-oldrel-windows-ix86+x86_64

Version: 2.2-1
Check: installed package size
Result: NOTE
     installed size is 12.8Mb
     sub-directories of 1Mb or more:
     data 12.7Mb
Flavors: r-devel-linux-x86_64-fedora-clang, r-devel-windows-x86_64, r-release-macos-arm64, r-release-macos-x86_64, r-release-windows-x86_64, r-oldrel-macos-arm64, r-oldrel-macos-x86_64, r-oldrel-windows-ix86+x86_64