CRAN Package Check Results for Package woylier

Last updated on 2024-02-20 09:00:49 CET.

Flavor Version Tinstall Tcheck Ttotal Status Flags
r-devel-linux-x86_64-debian-clang 0.0.5 NOTE
r-devel-linux-x86_64-debian-gcc 0.0.5 2.16 30.42 32.58 NOTE
r-devel-linux-x86_64-fedora-clang 0.0.5 54.33 NOTE
r-devel-linux-x86_64-fedora-gcc 0.0.5 61.96 NOTE
r-devel-windows-x86_64 0.0.5 4.00 58.00 62.00 NOTE
r-patched-linux-x86_64 0.0.5 8.61 38.92 47.53 OK
r-release-linux-x86_64 0.0.5 2.17 38.79 40.96 OK
r-release-macos-arm64 0.0.5 33.00 OK
r-release-macos-x86_64 0.0.5 60.00 OK
r-release-windows-x86_64 0.0.5 4.00 60.00 64.00 OK
r-oldrel-macos-arm64 0.0.5 28.00 OK
r-oldrel-windows-x86_64 0.0.5 5.00 61.00 66.00 OK

Check Details

Version: 0.0.5
Check: Rd \usage sections
Result: NOTE Documented arguments not in \usage in Rd file 'new_givens_path.Rd': ‘generate’ Functions with \usage entries need to have the appropriate \alias entries, and all their arguments documented. The \usage entries must correspond to syntactically valid R code. See chapter ‘Writing R documentation files’ in the ‘Writing R Extensions’ manual. Flavors: r-devel-linux-x86_64-debian-clang, r-devel-linux-x86_64-debian-gcc, r-devel-linux-x86_64-fedora-clang, r-devel-linux-x86_64-fedora-gcc, r-devel-windows-x86_64