CRAN Package Check Results for Package worldfootballR

Last updated on 2024-02-27 07:55:04 CET.

Flavor Version Tinstall Tcheck Ttotal Status Flags
r-devel-linux-x86_64-debian-clang 0.6.2 16.30 107.59 123.89 OK
r-devel-linux-x86_64-debian-gcc 0.6.2 11.71 79.36 91.07 OK
r-devel-linux-x86_64-fedora-clang 0.6.2 152.14 NOTE
r-devel-linux-x86_64-fedora-gcc 0.6.2 156.12 OK
r-devel-windows-x86_64 0.6.2 15.00 157.00 172.00 OK
r-patched-linux-x86_64 0.6.2 11.56 102.99 114.55 OK
r-release-linux-x86_64 0.6.2 11.12 102.37 113.49 OK
r-release-macos-arm64 0.6.2 96.00 OK
r-release-macos-x86_64 0.6.2 120.00 OK
r-release-windows-x86_64 0.6.2 19.00 173.00 192.00 OK
r-oldrel-macos-arm64 0.6.2 97.00 OK
r-oldrel-windows-x86_64 0.6.2 21.00 167.00 188.00 OK

Check Details

Version: 0.6.2
Check: package dependencies
Result: NOTE Imports includes 23 non-default packages. Importing from so many packages makes the package vulnerable to any of them becoming unavailable. Move as many as possible to Suggests and use conditionally. Flavor: r-devel-linux-x86_64-fedora-clang