Last updated on 2023-02-08 07:54:47 CET.
Flavor | Version | Tinstall | Tcheck | Ttotal | Status | Flags |
---|---|---|---|---|---|---|
r-devel-linux-x86_64-debian-clang | 0.2.1 | 3.34 | 32.61 | 35.95 | OK | |
r-devel-linux-x86_64-debian-gcc | 0.2.1 | 2.75 | 25.93 | 28.68 | OK | |
r-devel-linux-x86_64-fedora-clang | 0.2.1 | 45.81 | NOTE | |||
r-devel-linux-x86_64-fedora-gcc | 0.2.1 | 58.99 | NOTE | |||
r-devel-windows-x86_64 | 0.2.1 | 23.00 | 69.00 | 92.00 | OK | |
r-patched-linux-x86_64 | 0.2.1 | 3.57 | 33.70 | 37.27 | OK | |
r-release-linux-x86_64 | 0.2.1 | 3.47 | 33.56 | 37.03 | OK | |
r-release-macos-arm64 | 0.2.1 | 21.00 | NOTE | |||
r-release-macos-x86_64 | 0.2.1 | 28.00 | NOTE | |||
r-release-windows-x86_64 | 0.2.1 | 22.00 | 70.00 | 92.00 | OK | |
r-oldrel-macos-arm64 | 0.2.1 | 42.00 | NOTE | |||
r-oldrel-macos-x86_64 | 0.2.1 | 29.00 | NOTE | |||
r-oldrel-windows-ix86+x86_64 | 0.2.1 | 9.00 | 61.00 | 70.00 | OK |
Version: 0.2.1
Check: data for non-ASCII characters
Result: NOTE
Note: found 933 marked UTF-8 strings
Flavors: r-devel-linux-x86_64-fedora-clang, r-devel-linux-x86_64-fedora-gcc, r-release-macos-arm64, r-release-macos-x86_64, r-oldrel-macos-arm64, r-oldrel-macos-x86_64