Last updated on 2023-03-29 07:55:44 CEST.
Flavor | Version | Tinstall | Tcheck | Ttotal | Status | Flags |
---|---|---|---|---|---|---|
r-devel-linux-x86_64-debian-clang | 1.3 | 10.33 | 73.77 | 84.10 | WARN | |
r-devel-linux-x86_64-debian-gcc | 1.3 | 6.49 | 55.06 | 61.55 | WARN | |
r-devel-linux-x86_64-fedora-clang | 1.3 | 99.62 | WARN | |||
r-devel-linux-x86_64-fedora-gcc | 1.3 | 102.04 | WARN | |||
r-patched-linux-x86_64 | 1.3 | 7.51 | 71.80 | 79.31 | WARN | |
r-release-linux-x86_64 | 1.3 | 8.21 | 61.57 | 69.78 | OK | |
r-release-macos-arm64 | 1.3 | 71.00 | OK | |||
r-release-macos-x86_64 | 1.3 | 90.00 | OK | |||
r-release-windows-x86_64 | 1.3 | 24.00 | 145.00 | 169.00 | OK | |
r-oldrel-macos-arm64 | 1.3 | 73.00 | OK | |||
r-oldrel-macos-x86_64 | 1.3 | 95.00 | OK | |||
r-oldrel-windows-ix86+x86_64 | 1.3 | 25.00 | 140.00 | 165.00 | OK |
Version: 1.3
Check: whether package can be installed
Result: WARN
Found the following significant warnings:
random_wrap.c:9:22: warning: a function declaration without a prototype is deprecated in all versions of C [-Wstrict-prototypes]
See ‘/home/hornik/tmp/R.check/r-devel-clang/Work/PKGS/wnominate.Rcheck/00install.out’ for details.
* used C compiler: ‘Debian clang version 15.0.6’
* used Fortran compiler: ‘GNU Fortran (Debian 12.2.0-14) 12.2.0’
Flavor: r-devel-linux-x86_64-debian-clang
Version: 1.3
Check: whether package can be installed
Result: WARN
Found the following significant warnings:
random_wrap.c:9:15: warning: function declaration isn’t a prototype [-Wstrict-prototypes]
See ‘/home/hornik/tmp/R.check/r-devel-gcc/Work/PKGS/wnominate.Rcheck/00install.out’ for details.
* used C compiler: ‘gcc-12 (Debian 12.2.0-14) 12.2.0’
* used Fortran compiler: ‘GNU Fortran (Debian 12.2.0-14) 12.2.0’
Flavor: r-devel-linux-x86_64-debian-gcc
Version: 1.3
Check: whether package can be installed
Result: WARN
Found the following significant warnings:
random_wrap.c:9:22: warning: a function declaration without a prototype is deprecated in all versions of C [-Wstrict-prototypes]
See ‘/data/gannet/ripley/R/packages/tests-clang/wnominate.Rcheck/00install.out’ for details.
* used C compiler: ‘clang version 16.0.0’
* used Fortran compiler: ‘GNU Fortran (GCC) 12.2.1 20221121 (Red Hat 12.2.1-4)’
Flavor: r-devel-linux-x86_64-fedora-clang
Version: 1.3
Check: whether package can be installed
Result: WARN
Found the following significant warnings:
random_wrap.c:9:15: warning: function declaration isn’t a prototype [-Wstrict-prototypes]
See ‘/data/gannet/ripley/R/packages/tests-devel/wnominate.Rcheck/00install.out’ for details.
* used C compiler: ‘gcc (GCC) 12.2.1 20221121 (Red Hat 12.2.1-4)’
* used Fortran compiler: ‘GNU Fortran (GCC) 12.2.1 20221121 (Red Hat 12.2.1-4)’
Flavor: r-devel-linux-x86_64-fedora-gcc
Version: 1.3
Check: whether package can be installed
Result: WARN
Found the following significant warnings:
random_wrap.c:9:15: warning: function declaration isn’t a prototype [-Wstrict-prototypes]
See ‘/home/hornik/tmp/R.check/r-patched-gcc/Work/PKGS/wnominate.Rcheck/00install.out’ for details.
* used C compiler: ‘gcc-11 (Debian 11.3.0-12) 11.3.0’
* used Fortran compiler: ‘GNU Fortran (Debian 11.3.0-12) 11.3.0’
Flavor: r-patched-linux-x86_64