CRAN Package Check Results for Package wkNNMI

Last updated on 2023-01-26 07:54:06 CET.

Flavor Version Tinstall Tcheck Ttotal Status Flags
r-devel-linux-x86_64-debian-clang 1.0.0 3.13 29.22 32.35 NOTE
r-devel-linux-x86_64-debian-gcc 1.0.0 2.56 22.16 24.72 NOTE
r-devel-linux-x86_64-fedora-clang 1.0.0 40.16 NOTE
r-devel-linux-x86_64-fedora-gcc 1.0.0 39.22 NOTE
r-patched-linux-x86_64 1.0.0 2.90 28.96 31.86 OK
r-release-linux-x86_64 1.0.0 3.30 29.26 32.56 OK
r-release-macos-arm64 1.0.0 18.00 OK
r-release-macos-x86_64 1.0.0 23.00 OK
r-release-windows-x86_64 1.0.0 8.00 52.00 60.00 OK
r-oldrel-macos-arm64 1.0.0 20.00 OK
r-oldrel-macos-x86_64 1.0.0 28.00 OK
r-oldrel-windows-ix86+x86_64 1.0.0 8.00 51.00 59.00 OK

Check Details

Version: 1.0.0
Check: package subdirectories
Result: NOTE
    Problems with news in ‘NEWS.md’:
    No news entries found.
Flavors: r-devel-linux-x86_64-debian-clang, r-devel-linux-x86_64-debian-gcc, r-devel-linux-x86_64-fedora-clang, r-devel-linux-x86_64-fedora-gcc