Last updated on 2023-01-29 08:57:17 CET.
Flavor | Version | Tinstall | Tcheck | Ttotal | Status | Flags |
---|---|---|---|---|---|---|
r-devel-linux-x86_64-debian-clang | 0.7.1 | 21.93 | 87.65 | 109.58 | OK | |
r-devel-linux-x86_64-debian-gcc | 0.7.1 | 16.39 | 64.23 | 80.62 | NOTE | |
r-devel-linux-x86_64-fedora-clang | 0.7.1 | 133.64 | NOTE | |||
r-devel-linux-x86_64-fedora-gcc | 0.7.1 | 134.05 | NOTE | |||
r-patched-linux-x86_64 | 0.7.1 | 21.23 | 79.32 | 100.55 | OK | |
r-release-linux-x86_64 | 0.7.1 | 20.32 | 80.35 | 100.67 | OK | |
r-release-macos-arm64 | 0.7.1 | 50.00 | NOTE | |||
r-release-macos-x86_64 | 0.7.1 | 77.00 | NOTE | |||
r-release-windows-x86_64 | 0.7.1 | 542.00 | 141.00 | 683.00 | OK | |
r-oldrel-macos-arm64 | 0.7.1 | 51.00 | NOTE | |||
r-oldrel-macos-x86_64 | 0.7.1 | 78.00 | NOTE | |||
r-oldrel-windows-ix86+x86_64 | 0.7.1 | 67.00 | 167.00 | 234.00 | OK |
Version: 0.7.1
Check: C++ specification
Result: NOTE
Specified C++11: please update to current default of C++17
Flavors: r-devel-linux-x86_64-debian-gcc, r-devel-linux-x86_64-fedora-clang, r-devel-linux-x86_64-fedora-gcc
Version: 0.7.1
Check: data for non-ASCII characters
Result: NOTE
Note: found 3984 marked UTF-8 strings
Flavors: r-devel-linux-x86_64-fedora-clang, r-devel-linux-x86_64-fedora-gcc, r-release-macos-arm64, r-release-macos-x86_64, r-oldrel-macos-arm64, r-oldrel-macos-x86_64