CRAN Package Check Results for Package winch

Last updated on 2024-04-19 20:56:55 CEST.

Flavor Version Tinstall Tcheck Ttotal Status Flags
r-devel-linux-x86_64-debian-clang 0.1.1 19.41 47.23 66.64 OK
r-devel-linux-x86_64-debian-gcc 0.1.1 OK
r-devel-linux-x86_64-fedora-clang 0.1.1 81.91 OK
r-devel-linux-x86_64-fedora-gcc 0.1.1 26.02 ERROR
r-prerel-macos-arm64 0.1.1 32.00 OK
r-prerel-macos-x86_64 0.1.1 105.00 OK
r-prerel-windows-x86_64 0.1.1 134.00 60.00 194.00 OK
r-patched-linux-x86_64 0.1.1 14.72 45.70 60.42 OK
r-release-linux-x86_64 0.1.1 15.06 45.52 60.58 OK
r-release-macos-arm64 0.1.1 40.00 OK
r-release-macos-x86_64 0.1.1 80.00 OK
r-release-windows-x86_64 0.1.1 150.00 67.00 217.00 OK
r-oldrel-macos-arm64 0.1.1 49.00 OK
r-oldrel-windows-x86_64 0.1.1 108.00 69.00 177.00 OK

Check Details

Version: 0.1.1
Check: whether package can be installed
Result: ERROR Installation failed. Flavor: r-devel-linux-x86_64-fedora-gcc