Last updated on 2023-02-04 08:01:32 CET.
Flavor | Version | Tinstall | Tcheck | Ttotal | Status | Flags |
---|---|---|---|---|---|---|
r-devel-linux-x86_64-debian-clang | 1.9.1 | 17.02 | 88.09 | 105.11 | NOTE | |
r-devel-linux-x86_64-debian-gcc | 1.9.1 | 14.07 | 67.57 | 81.64 | NOTE | |
r-devel-linux-x86_64-fedora-clang | 1.9.1 | 134.13 | NOTE | |||
r-devel-linux-x86_64-fedora-gcc | 1.9.1 | 131.53 | NOTE | |||
r-devel-windows-x86_64 | 1.9.1 | 26.00 | 111.00 | 137.00 | NOTE | |
r-patched-linux-x86_64 | 1.9.1 | 16.44 | 84.05 | 100.49 | NOTE | |
r-release-linux-x86_64 | 1.9.1 | 14.47 | 87.71 | 102.18 | NOTE | |
r-release-macos-arm64 | 1.9.1 | 39.00 | NOTE | |||
r-release-macos-x86_64 | 1.9.1 | 65.00 | NOTE | |||
r-release-windows-x86_64 | 1.9.1 | 23.00 | 120.00 | 143.00 | NOTE | |
r-oldrel-macos-arm64 | 1.9.1 | 56.00 | NOTE | |||
r-oldrel-macos-x86_64 | 1.9.1 | 95.00 | NOTE | |||
r-oldrel-windows-ix86+x86_64 | 1.9.1 | 37.00 | 138.00 | 175.00 | NOTE |
Version: 1.9.1
Check: LazyData
Result: NOTE
'LazyData' is specified without a 'data' directory
Flavors: r-devel-linux-x86_64-debian-clang, r-devel-linux-x86_64-debian-gcc, r-devel-linux-x86_64-fedora-clang, r-devel-linux-x86_64-fedora-gcc, r-devel-windows-x86_64, r-patched-linux-x86_64, r-release-linux-x86_64, r-release-macos-arm64, r-release-macos-x86_64, r-release-windows-x86_64, r-oldrel-macos-arm64, r-oldrel-macos-x86_64, r-oldrel-windows-ix86+x86_64