CRAN Package Check Results for Package wellknown

Last updated on 2023-02-07 07:54:18 CET.

Flavor Version Tinstall Tcheck Ttotal Status Flags
r-devel-linux-x86_64-debian-clang 0.7.4 231.73 45.51 277.24 NOTE
r-devel-linux-x86_64-debian-gcc 0.7.4 166.78 69.28 236.06 WARN
r-devel-linux-x86_64-fedora-clang 0.7.4 368.12 NOTE
r-devel-linux-x86_64-fedora-gcc 0.7.4 402.49 WARN
r-devel-windows-x86_64 0.7.4 428.00 140.00 568.00 WARN
r-patched-linux-x86_64 0.7.4 197.96 83.66 281.62 OK
r-release-linux-x86_64 0.7.4 193.80 83.97 277.77 OK
r-release-macos-arm64 0.7.4 82.00 NOTE
r-release-macos-x86_64 0.7.4 115.00 NOTE
r-release-windows-x86_64 0.7.4 465.00 113.00 578.00 OK
r-oldrel-macos-arm64 0.7.4 80.00 NOTE
r-oldrel-macos-x86_64 0.7.4 151.00 NOTE
r-oldrel-windows-ix86+x86_64 0.7.4 448.00 118.00 566.00 OK

Additional issues

gcc12

Check Details

Version: 0.7.4
Check: C++ specification
Result: NOTE
     Specified C++14: please update to current default of C++17
Flavors: r-devel-linux-x86_64-debian-clang, r-devel-linux-x86_64-debian-gcc, r-devel-linux-x86_64-fedora-clang, r-devel-linux-x86_64-fedora-gcc, r-devel-windows-x86_64

Version: 0.7.4
Check: whether package can be installed
Result: WARN
    Found the following significant warnings:
     /home/hornik/tmp/R.check/r-devel-gcc/Work/build/Packages/BH/include/boost/geometry/algorithms/detail/envelope/range.hpp:76:48: warning: ‘*(boost::geometry::model::point<double, 2, boost::geometry::cs::cartesian>*)((char*)&state + offsetof(boost::geometry::strategy::envelope::cartesian_boxes::state<boost::geometry::model::box<boost::geometry::model::point<double, 2, boost::geometry::cs::cartesian> > >,boost::geometry::strategy::envelope::cartesian_boxes::state<boost::geometry::model::box<boost::geometry::model::point<double, 2, boost::geometry::cs::cartesian> > >::m_box.boost::geometry::model::box<boost::geometry::model::point<double, 2, boost::geometry::cs::cartesian> >::m_min_corner)).boost::geometry::model::point<double, 2, boost::geometry::cs::cartesian>::m_values[0]’ is used uninitialized [-Wuninitialized]
     /home/hornik/tmp/R.check/r-devel-gcc/Work/build/Packages/BH/include/boost/geometry/algorithms/detail/envelope/range.hpp:76:48: warning: ‘*(boost::geometry::model::point<double, 2, boost::geometry::cs::cartesian>*)((char*)&state + offsetof(boost::geometry::strategy::envelope::cartesian_boxes::state<boost::geometry::model::box<boost::geometry::model::point<double, 2, boost::geometry::cs::cartesian> > >,boost::geometry::strategy::envelope::cartesian_boxes::state<boost::geometry::model::box<boost::geometry::model::point<double, 2, boost::geometry::cs::cartesian> > >::m_box.boost::geometry::model::box<boost::geometry::model::point<double, 2, boost::geometry::cs::cartesian> >::m_min_corner)).boost::geometry::model::point<double, 2, boost::geometry::cs::cartesian>::m_values[1]’ is used uninitialized [-Wuninitialized]
     /home/hornik/tmp/R.check/r-devel-gcc/Work/build/Packages/BH/include/boost/geometry/algorithms/detail/envelope/range.hpp:76:48: warning: ‘*(boost::geometry::model::point<double, 2, boost::geometry::cs::cartesian>*)((char*)&state + offsetof(boost::geometry::strategy::envelope::cartesian_boxes::state<boost::geometry::model::box<boost::geometry::model::point<double, 2, boost::geometry::cs::cartesian> > >,boost::geometry::strategy::envelope::cartesian_boxes::state<boost::geometry::model::box<boost::geometry::model::point<double, 2, boost::geometry::cs::cartesian> > >::m_box.boost::geometry::model::box<boost::geometry::model::point<double, 2, boost::geometry::cs::cartesian> >::m_max_corner)).boost::geometry::model::point<double, 2, boost::geometry::cs::cartesian>::m_values[0]’ is used uninitialized [-Wuninitialized]
     /home/hornik/tmp/R.check/r-devel-gcc/Work/build/Packages/BH/include/boost/geometry/algorithms/detail/envelope/range.hpp:76:48: warning: ‘*(boost::geometry::model::point<double, 2, boost::geometry::cs::cartesian>*)((char*)&state + offsetof(boost::geometry::strategy::envelope::cartesian_boxes::state<boost::geometry::model::box<boost::geometry::model::point<double, 2, boost::geometry::cs::cartesian> > >,boost::geometry::strategy::envelope::cartesian_boxes::state<boost::geometry::model::box<boost::geometry::model::point<double, 2, boost::geometry::cs::cartesian> > >::m_box.boost::geometry::model::box<boost::geometry::model::point<double, 2, boost::geometry::cs::cartesian> >::m_max_corner)).boost::geometry::model::point<double, 2, boost::geometry::cs::cartesian>::m_values[1]’ is used uninitialized [-Wuninitialized]
    See ‘/home/hornik/tmp/R.check/r-devel-gcc/Work/PKGS/wellknown.Rcheck/00install.out’ for details.
    * used C++ compiler: ‘g++-12 (Debian 12.2.0-14) 12.2.0’
Flavor: r-devel-linux-x86_64-debian-gcc

Version: 0.7.4
Check: whether package can be installed
Result: WARN
    Found the following significant warnings:
     /data/gannet/ripley/R/test-dev/BH/include/boost/geometry/algorithms/detail/envelope/range.hpp:76:48: warning: ‘*(boost::geometry::model::point<double, 2, boost::geometry::cs::cartesian>*)((char*)&state + offsetof(boost::geometry::strategy::envelope::cartesian_boxes::state<boost::geometry::model::box<boost::geometry::model::point<double, 2, boost::geometry::cs::cartesian> > >,boost::geometry::strategy::envelope::cartesian_boxes::state<boost::geometry::model::box<boost::geometry::model::point<double, 2, boost::geometry::cs::cartesian> > >::m_box.boost::geometry::model::box<boost::geometry::model::point<double, 2, boost::geometry::cs::cartesian> >::m_min_corner)).boost::geometry::model::point<double, 2, boost::geometry::cs::cartesian>::m_values[0]’ is used uninitialized [-Wuninitialized]
     /data/gannet/ripley/R/test-dev/BH/include/boost/geometry/algorithms/detail/envelope/range.hpp:76:48: warning: ‘*(boost::geometry::model::point<double, 2, boost::geometry::cs::cartesian>*)((char*)&state + offsetof(boost::geometry::strategy::envelope::cartesian_boxes::state<boost::geometry::model::box<boost::geometry::model::point<double, 2, boost::geometry::cs::cartesian> > >,boost::geometry::strategy::envelope::cartesian_boxes::state<boost::geometry::model::box<boost::geometry::model::point<double, 2, boost::geometry::cs::cartesian> > >::m_box.boost::geometry::model::box<boost::geometry::model::point<double, 2, boost::geometry::cs::cartesian> >::m_min_corner)).boost::geometry::model::point<double, 2, boost::geometry::cs::cartesian>::m_values[1]’ is used uninitialized [-Wuninitialized]
     /data/gannet/ripley/R/test-dev/BH/include/boost/geometry/algorithms/detail/envelope/range.hpp:76:48: warning: ‘*(boost::geometry::model::point<double, 2, boost::geometry::cs::cartesian>*)((char*)&state + offsetof(boost::geometry::strategy::envelope::cartesian_boxes::state<boost::geometry::model::box<boost::geometry::model::point<double, 2, boost::geometry::cs::cartesian> > >,boost::geometry::strategy::envelope::cartesian_boxes::state<boost::geometry::model::box<boost::geometry::model::point<double, 2, boost::geometry::cs::cartesian> > >::m_box.boost::geometry::model::box<boost::geometry::model::point<double, 2, boost::geometry::cs::cartesian> >::m_max_corner)).boost::geometry::model::point<double, 2, boost::geometry::cs::cartesian>::m_values[0]’ is used uninitialized [-Wuninitialized]
     /data/gannet/ripley/R/test-dev/BH/include/boost/geometry/algorithms/detail/envelope/range.hpp:76:48: warning: ‘*(boost::geometry::model::point<double, 2, boost::geometry::cs::cartesian>*)((char*)&state + offsetof(boost::geometry::strategy::envelope::cartesian_boxes::state<boost::geometry::model::box<boost::geometry::model::point<double, 2, boost::geometry::cs::cartesian> > >,boost::geometry::strategy::envelope::cartesian_boxes::state<boost::geometry::model::box<boost::geometry::model::point<double, 2, boost::geometry::cs::cartesian> > >::m_box.boost::geometry::model::box<boost::geometry::model::point<double, 2, boost::geometry::cs::cartesian> >::m_max_corner)).boost::geometry::model::point<double, 2, boost::geometry::cs::cartesian>::m_values[1]’ is used uninitialized [-Wuninitialized]
    See ‘/data/gannet/ripley/R/packages/tests-devel/wellknown.Rcheck/00install.out’ for details.
    * used C++ compiler: ‘g++ (GCC) 12.2.1 20221121 (Red Hat 12.2.1-4)’
Flavor: r-devel-linux-x86_64-fedora-gcc

Version: 0.7.4
Check: whether package can be installed
Result: WARN
    Found the following significant warnings:
     D:/RCompile/CRANpkg/lib/4.3/BH/include/boost/geometry/algorithms/detail/envelope/range.hpp:76:48: warning: '*(boost::geometry::model::point<double, 2, boost::geometry::cs::cartesian>*)((char*)&state + offsetof(boost::geometry::strategy::envelope::cartesian_boxes::state<boost::geometry::model::box<boost::geometry::model::point<double, 2, boost::geometry::cs::cartesian> > >,boost::geometry::strategy::envelope::cartesian_boxes::state<boost::geometry::model::box<boost::geometry::model::point<double, 2, boost::geometry::cs::cartesian> > >::m_box.boost::geometry::model::box<boost::geometry::model::point<double, 2, boost::geometry::cs::cartesian> >::m_min_corner)).boost::geometry::model::point<double, 2, boost::geometry::cs::cartesian>::m_values[0]' is used uninitialized [-Wuninitialized]
     D:/RCompile/CRANpkg/lib/4.3/BH/include/boost/geometry/algorithms/detail/envelope/range.hpp:76:48: warning: '*(boost::geometry::model::point<double, 2, boost::geometry::cs::cartesian>*)((char*)&state + offsetof(boost::geometry::strategy::envelope::cartesian_boxes::state<boost::geometry::model::box<boost::geometry::model::point<double, 2, boost::geometry::cs::cartesian> > >,boost::geometry::strategy::envelope::cartesian_boxes::state<boost::geometry::model::box<boost::geometry::model::point<double, 2, boost::geometry::cs::cartesian> > >::m_box.boost::geometry::model::box<boost::geometry::model::point<double, 2, boost::geometry::cs::cartesian> >::m_min_corner)).boost::geometry::model::point<double, 2, boost::geometry::cs::cartesian>::m_values[1]' is used uninitialized [-Wuninitialized]
     D:/RCompile/CRANpkg/lib/4.3/BH/include/boost/geometry/algorithms/detail/envelope/range.hpp:76:48: warning: '*(boost::geometry::model::point<double, 2, boost::geometry::cs::cartesian>*)((char*)&state + offsetof(boost::geometry::strategy::envelope::cartesian_boxes::state<boost::geometry::model::box<boost::geometry::model::point<double, 2, boost::geometry::cs::cartesian> > >,boost::geometry::strategy::envelope::cartesian_boxes::state<boost::geometry::model::box<boost::geometry::model::point<double, 2, boost::geometry::cs::cartesian> > >::m_box.boost::geometry::model::box<boost::geometry::model::point<double, 2, boost::geometry::cs::cartesian> >::m_max_corner)).boost::geometry::model::point<double, 2, boost::geometry::cs::cartesian>::m_values[0]' is used uninitialized [-Wuninitialized]
     D:/RCompile/CRANpkg/lib/4.3/BH/include/boost/geometry/algorithms/detail/envelope/range.hpp:76:48: warning: '*(boost::geometry::model::point<double, 2, boost::geometry::cs::cartesian>*)((char*)&state + offsetof(boost::geometry::strategy::envelope::cartesian_boxes::state<boost::geometry::model::box<boost::geometry::model::point<double, 2, boost::geometry::cs::cartesian> > >,boost::geometry::strategy::envelope::cartesian_boxes::state<boost::geometry::model::box<boost::geometry::model::point<double, 2, boost::geometry::cs::cartesian> > >::m_box.boost::geometry::model::box<boost::geometry::model::point<double, 2, boost::geometry::cs::cartesian> >::m_max_corner)).boost::geometry::model::point<double, 2, boost::geometry::cs::cartesian>::m_values[1]' is used uninitialized [-Wuninitialized]
    See 'd:/Rcompile/CRANpkg/local/4.3/wellknown.Rcheck/00install.out' for details.
    * used C++ compiler: 'g++.exe (GCC) 12.2.0'
Flavor: r-devel-windows-x86_64

Version: 0.7.4
Check: installed package size
Result: NOTE
     installed size is 11.8Mb
     sub-directories of 1Mb or more:
     libs 11.4Mb
Flavors: r-release-macos-arm64, r-release-macos-x86_64, r-oldrel-macos-arm64, r-oldrel-macos-x86_64