CRAN Package Check Results for Package weed

Last updated on 2023-01-27 07:50:48 CET.

Flavor Version Tinstall Tcheck Ttotal Status Flags
r-devel-linux-x86_64-debian-clang 1.1.1 2.63 31.63 34.26 OK
r-devel-linux-x86_64-debian-gcc 1.1.1 2.03 24.46 26.49 OK
r-devel-linux-x86_64-fedora-clang 1.1.1 44.02 NOTE
r-devel-linux-x86_64-fedora-gcc 1.1.1 41.46 NOTE
r-patched-linux-x86_64 1.1.1 2.77 31.01 33.78 OK
r-release-linux-x86_64 1.1.1 1.88 31.47 33.35 OK
r-release-macos-arm64 1.1.1 23.00 NOTE
r-release-macos-x86_64 1.1.1 37.00 NOTE
r-release-windows-x86_64 1.1.1 12.00 65.00 77.00 OK
r-oldrel-macos-arm64 1.1.1 35.00 NOTE
r-oldrel-macos-x86_64 1.1.1 37.00 NOTE
r-oldrel-windows-ix86+x86_64 1.1.1 7.00 59.00 66.00 OK

Check Details

Version: 1.1.1
Check: dependencies in R code
Result: NOTE
    Namespaces in Imports field not imported from:
     ‘here’ ‘rgeos’ ‘tibble’
     All declared Imports should be used.
Flavors: r-devel-linux-x86_64-fedora-clang, r-devel-linux-x86_64-fedora-gcc, r-release-macos-arm64, r-release-macos-x86_64, r-oldrel-macos-arm64, r-oldrel-macos-x86_64