Last updated on 2023-11-28 07:53:22 CET.
Flavor | Version | Tinstall | Tcheck | Ttotal | Status | Flags |
---|---|---|---|---|---|---|
r-devel-linux-x86_64-debian-clang | 1.1.2 | 2.75 | 31.52 | 34.27 | OK | |
r-devel-linux-x86_64-debian-gcc | 1.1.2 | 1.97 | 23.34 | 25.31 | OK | |
r-devel-linux-x86_64-fedora-clang | 1.1.2 | 43.99 | NOTE | |||
r-devel-linux-x86_64-fedora-gcc | 1.1.2 | 39.91 | NOTE | |||
r-devel-windows-x86_64 | 1.1.2 | 3.00 | 50.00 | 53.00 | OK | |
r-patched-linux-x86_64 | 1.1.2 | 2.57 | 30.02 | 32.59 | OK | |
r-release-linux-x86_64 | 1.1.2 | 1.66 | 30.84 | 32.50 | OK | |
r-release-macos-arm64 | 1.1.2 | 28.00 | OK | |||
r-release-macos-x86_64 | 1.1.2 | 39.00 | OK | |||
r-release-windows-x86_64 | 1.1.2 | 4.00 | 51.00 | 55.00 | OK | |
r-oldrel-macos-arm64 | 1.1.2 | 30.00 | OK | |||
r-oldrel-macos-x86_64 | 1.1.2 | 40.00 | OK | |||
r-oldrel-windows-x86_64 | 1.1.2 | 4.00 | 55.00 | 59.00 | OK |
Version: 1.1.2
Check: dependencies in R code
Result: NOTE
Namespaces in Imports field not imported from:
‘here’ ‘tibble’
All declared Imports should be used.
Flavors: r-devel-linux-x86_64-fedora-clang, r-devel-linux-x86_64-fedora-gcc