CRAN Package Check Results for Package wearables

Last updated on 2023-02-05 07:57:40 CET.

Flavor Version Tinstall Tcheck Ttotal Status Flags
r-devel-linux-x86_64-debian-clang 0.8.1 19.24 152.37 171.61 NOTE
r-devel-linux-x86_64-debian-gcc 0.8.1 15.79 111.88 127.67 NOTE
r-devel-linux-x86_64-fedora-clang 0.8.1 196.63 NOTE
r-devel-linux-x86_64-fedora-gcc 0.8.1 216.80 NOTE
r-devel-windows-x86_64 0.8.1 50.00 176.00 226.00 NOTE
r-patched-linux-x86_64 0.8.1 18.43 147.66 166.09 OK
r-release-linux-x86_64 0.8.1 17.25 148.02 165.27 OK
r-release-macos-arm64 0.8.1 58.00 OK
r-release-macos-x86_64 0.8.1 100.00 OK
r-release-windows-x86_64 0.8.1 58.00 183.00 241.00 OK
r-oldrel-macos-arm64 0.8.1 45.00 OK
r-oldrel-macos-x86_64 0.8.1 76.00 OK
r-oldrel-windows-ix86+x86_64 0.8.1 43.00 174.00 217.00 OK

Check Details

Version: 0.8.1
Check: package subdirectories
Result: NOTE
    Problems with news in ‘NEWS.md’:
    No news entries found.
Flavors: r-devel-linux-x86_64-debian-clang, r-devel-linux-x86_64-debian-gcc, r-devel-linux-x86_64-fedora-clang, r-devel-linux-x86_64-fedora-gcc, r-devel-windows-x86_64