Last updated on 2023-02-01 07:53:20 CET.
Flavor | Version | Tinstall | Tcheck | Ttotal | Status | Flags |
---|---|---|---|---|---|---|
r-devel-linux-x86_64-debian-clang | 0.2.6 | 2.90 | 35.87 | 38.77 | OK | |
r-devel-linux-x86_64-debian-gcc | 0.2.6 | 2.62 | 27.62 | 30.24 | OK | |
r-devel-linux-x86_64-fedora-clang | 0.2.6 | 50.50 | OK | |||
r-devel-linux-x86_64-fedora-gcc | 0.2.6 | 64.95 | OK | |||
r-devel-windows-x86_64 | 0.2.6 | 23.00 | 68.00 | 91.00 | OK | |
r-patched-linux-x86_64 | 0.2.6 | 3.88 | 36.67 | 40.55 | OK | |
r-release-linux-x86_64 | 0.2.6 | 3.37 | 36.87 | 40.24 | OK | |
r-release-macos-arm64 | 0.2.6 | 22.00 | OK | |||
r-release-macos-x86_64 | 0.2.6 | 28.00 | OK | |||
r-release-windows-x86_64 | 0.2.6 | 18.00 | 74.00 | 92.00 | OK | |
r-oldrel-macos-arm64 | 0.2.6 | 26.00 | OK | |||
r-oldrel-macos-x86_64 | 0.2.6 | 31.00 | OK | |||
r-oldrel-windows-ix86+x86_64 | 0.2.6 | 8.00 | 76.00 | 84.00 | WARN |
Version: 0.2.6
Check: for unstated dependencies in ‘tests’
Result: WARN
Warning: unable to access index for repository https://bioconductor.org/packages/3.14/bioc/src/contrib:
cannot open URL 'https://bioconductor.org/packages/3.14/bioc/src/contrib/PACKAGES'
Warning: unable to access index for repository https://bioconductor.org/packages/3.14/data/annotation/src/contrib:
cannot open URL 'https://bioconductor.org/packages/3.14/data/annotation/src/contrib/PACKAGES'
Warning: unable to access index for repository https://bioconductor.org/packages/3.14/data/experiment/src/contrib:
cannot open URL 'https://bioconductor.org/packages/3.14/data/experiment/src/contrib/PACKAGES'
Flavor: r-oldrel-windows-ix86+x86_64