CRAN Package Check Results for Package wdm

Last updated on 2023-01-29 08:57:17 CET.

Flavor Version Tinstall Tcheck Ttotal Status Flags
r-devel-linux-x86_64-debian-clang 0.2.3 21.59 48.57 70.16 OK
r-devel-linux-x86_64-debian-gcc 0.2.3 17.31 36.97 54.28 NOTE
r-devel-linux-x86_64-fedora-clang 0.2.3 96.17 NOTE
r-devel-linux-x86_64-fedora-gcc 0.2.3 93.25 NOTE
r-patched-linux-x86_64 0.2.3 18.39 46.12 64.51 OK
r-release-linux-x86_64 0.2.3 20.72 46.94 67.66 OK
r-release-macos-arm64 0.2.3 27.00 OK
r-release-macos-x86_64 0.2.3 40.00 OK
r-release-windows-x86_64 0.2.3 27.00 100.00 127.00 OK
r-oldrel-macos-arm64 0.2.3 28.00 OK
r-oldrel-macos-x86_64 0.2.3 39.00 OK
r-oldrel-windows-ix86+x86_64 0.2.3 54.00 115.00 169.00 OK

Check Details

Version: 0.2.3
Check: C++ specification
Result: NOTE
     Specified C++11: please update to current default of C++17
Flavors: r-devel-linux-x86_64-debian-gcc, r-devel-linux-x86_64-fedora-clang, r-devel-linux-x86_64-fedora-gcc