Last updated on 2023-02-01 07:53:20 CET.
Flavor | Version | Tinstall | Tcheck | Ttotal | Status | Flags |
---|---|---|---|---|---|---|
r-devel-linux-x86_64-debian-clang | 1.0.4 | 7.03 | 52.51 | 59.54 | OK | |
r-devel-linux-x86_64-debian-gcc | 1.0.4 | 5.37 | 39.05 | 44.42 | OK | |
r-devel-linux-x86_64-fedora-clang | 1.0.4 | 75.42 | NOTE | |||
r-devel-linux-x86_64-fedora-gcc | 1.0.4 | 84.27 | NOTE | |||
r-devel-windows-x86_64 | 1.0.4 | 32.00 | 101.00 | 133.00 | OK | |
r-patched-linux-x86_64 | 1.0.4 | 7.77 | 49.07 | 56.84 | OK | |
r-release-linux-x86_64 | 1.0.4 | 5.30 | 49.22 | 54.52 | OK | |
r-release-macos-arm64 | 1.0.4 | 28.00 | NOTE | |||
r-release-macos-x86_64 | 1.0.4 | 45.00 | NOTE | |||
r-release-windows-x86_64 | 1.0.4 | 31.00 | 91.00 | 122.00 | OK | |
r-oldrel-macos-arm64 | 1.0.4 | 30.00 | NOTE | |||
r-oldrel-macos-x86_64 | 1.0.4 | 42.00 | NOTE | |||
r-oldrel-windows-ix86+x86_64 | 1.0.4 | 14.00 | 78.00 | 92.00 | OK |
Version: 1.0.4
Check: data for non-ASCII characters
Result: NOTE
Note: found 3133 marked UTF-8 strings
Flavors: r-devel-linux-x86_64-fedora-clang, r-devel-linux-x86_64-fedora-gcc, r-release-macos-arm64, r-release-macos-x86_64, r-oldrel-macos-arm64, r-oldrel-macos-x86_64