CRAN Package Check Results for Package wbstats

Last updated on 2024-03-02 06:52:13 CET.

Flavor Version Tinstall Tcheck Ttotal Status Flags
r-devel-linux-x86_64-debian-clang 1.0.4 5.88 53.58 59.46 OK
r-devel-linux-x86_64-debian-gcc 1.0.4 5.58 40.69 46.27 OK
r-devel-linux-x86_64-fedora-clang 1.0.4 75.48 NOTE
r-devel-linux-x86_64-fedora-gcc 1.0.4 83.96 NOTE
r-devel-windows-x86_64 1.0.4 8.00 68.00 76.00 OK
r-patched-linux-x86_64 1.0.4 6.16 51.85 58.01 OK
r-release-linux-x86_64 1.0.4 4.75 52.17 56.92 OK
r-release-macos-arm64 1.0.4 35.00 OK
r-release-macos-x86_64 1.0.4 55.00 OK
r-release-windows-x86_64 1.0.4 11.00 75.00 86.00 OK
r-oldrel-macos-arm64 1.0.4 28.00 NOTE
r-oldrel-windows-x86_64 1.0.4 9.00 69.00 78.00 OK

Check Details

Version: 1.0.4
Check: data for non-ASCII characters
Result: NOTE Note: found 3133 marked UTF-8 strings Flavors: r-devel-linux-x86_64-fedora-clang, r-devel-linux-x86_64-fedora-gcc, r-oldrel-macos-arm64