CRAN Package Check Results for Package waywiser

Last updated on 2024-02-27 07:55:04 CET.

Flavor Version Tinstall Tcheck Ttotal Status Flags
r-devel-linux-x86_64-debian-clang 0.5.1 8.29 611.62 619.91 OK
r-devel-linux-x86_64-debian-gcc 0.5.1 6.02 449.95 455.97 OK
r-devel-linux-x86_64-fedora-clang 0.5.1 720.51 NOTE
r-devel-linux-x86_64-fedora-gcc 0.5.1 765.29 NOTE
r-devel-windows-x86_64 0.5.1 9.00 358.00 367.00 OK
r-patched-linux-x86_64 0.5.1 8.48 616.46 624.94 OK
r-release-linux-x86_64 0.5.1 7.11 596.59 603.70 OK
r-release-macos-arm64 0.5.1 231.00 OK
r-release-macos-x86_64 0.5.1 350.00 OK
r-release-windows-x86_64 0.5.1 11.00 423.00 434.00 OK
r-oldrel-macos-arm64 0.5.1 215.00 OK
r-oldrel-windows-x86_64 0.5.1 11.00 423.00 434.00 OK

Check Details

Version: 0.5.1
Check: data for non-ASCII characters
Result: NOTE Note: found 1 marked UTF-8 string Flavors: r-devel-linux-x86_64-fedora-clang, r-devel-linux-x86_64-fedora-gcc