Last updated on 2023-01-27 07:50:48 CET.
Flavor | Version | Tinstall | Tcheck | Ttotal | Status | Flags |
---|---|---|---|---|---|---|
r-devel-linux-x86_64-debian-clang | 0.1 | 80.45 | 29.04 | 109.49 | OK | |
r-devel-linux-x86_64-debian-gcc | 0.1 | 61.05 | 22.58 | 83.63 | NOTE | |
r-devel-linux-x86_64-fedora-clang | 0.1 | 159.09 | NOTE | |||
r-devel-linux-x86_64-fedora-gcc | 0.1 | 147.55 | NOTE | |||
r-patched-linux-x86_64 | 0.1 | 61.82 | 28.67 | 90.49 | OK | |
r-release-linux-x86_64 | 0.1 | 68.55 | 28.86 | 97.41 | OK | |
r-release-macos-arm64 | 0.1 | 39.00 | NOTE | |||
r-release-macos-x86_64 | 0.1 | 60.00 | NOTE | |||
r-release-windows-x86_64 | 0.1 | 71.00 | 81.00 | 152.00 | OK | |
r-oldrel-macos-arm64 | 0.1 | 35.00 | NOTE | |||
r-oldrel-macos-x86_64 | 0.1 | 56.00 | NOTE | |||
r-oldrel-windows-ix86+x86_64 | 0.1 | 189.00 | 82.00 | 271.00 | OK |
Version: 0.1
Check: C++ specification
Result: NOTE
Specified C++11: please update to current default of C++17
Flavors: r-devel-linux-x86_64-debian-gcc, r-devel-linux-x86_64-fedora-clang, r-devel-linux-x86_64-fedora-gcc
Version: 0.1
Check: installed package size
Result: NOTE
installed size is 5.9Mb
sub-directories of 1Mb or more:
libs 5.8Mb
Flavors: r-release-macos-arm64, r-release-macos-x86_64, r-oldrel-macos-arm64, r-oldrel-macos-x86_64