Last updated on 2023-02-02 07:53:15 CET.
Flavor | Version | Tinstall | Tcheck | Ttotal | Status | Flags |
---|---|---|---|---|---|---|
r-devel-linux-x86_64-debian-clang | 0.3.0 | 58.42 | 506.12 | 564.54 | OK | |
r-devel-linux-x86_64-debian-gcc | 0.3.0 | 44.03 | 369.90 | 413.93 | OK | |
r-devel-linux-x86_64-fedora-clang | 0.3.0 | 683.86 | NOTE | |||
r-devel-linux-x86_64-fedora-gcc | 0.3.0 | 477.14 | NOTE | |||
r-patched-linux-x86_64 | 0.3.0 | 56.51 | 466.59 | 523.10 | OK | |
r-release-linux-x86_64 | 0.3.0 | 42.15 | 486.24 | 528.39 | OK | |
r-release-macos-arm64 | 0.3.0 | 199.00 | NOTE | |||
r-release-macos-x86_64 | 0.3.0 | 301.00 | NOTE | |||
r-release-windows-x86_64 | 0.3.0 | 113.00 | 520.00 | 633.00 | OK | |
r-oldrel-macos-arm64 | 0.3.0 | 160.00 | NOTE | |||
r-oldrel-macos-x86_64 | 0.3.0 | 228.00 | NOTE | |||
r-oldrel-windows-ix86+x86_64 | 0.3.0 | 111.00 | 485.00 | 596.00 | OK |
Version: 0.3.0
Check: dependencies in R code
Result: NOTE
Namespaces in Imports field not imported from:
‘rgdal’ ‘vctrs’
All declared Imports should be used.
Flavors: r-devel-linux-x86_64-fedora-clang, r-devel-linux-x86_64-fedora-gcc, r-release-macos-arm64, r-release-macos-x86_64, r-oldrel-macos-arm64, r-oldrel-macos-x86_64