CRAN Package Check Results for Package waspr

Last updated on 2023-01-28 08:00:50 CET.

Flavor Version Tinstall Tcheck Ttotal Status Flags
r-devel-linux-x86_64-debian-clang 1.0.0 45.96 50.12 96.08 OK
r-devel-linux-x86_64-debian-gcc 1.0.0 31.87 48.10 79.97 NOTE
r-devel-linux-x86_64-fedora-clang 1.0.0 131.91 NOTE
r-devel-linux-x86_64-fedora-gcc 1.0.0 141.19 NOTE
r-patched-linux-x86_64 1.0.0 37.00 59.09 96.09 OK
r-release-linux-x86_64 1.0.0 36.05 58.54 94.59 OK
r-release-macos-arm64 1.0.0 37.00 NOTE
r-release-macos-x86_64 1.0.0 47.00 NOTE
r-release-windows-x86_64 1.0.0 46.00 123.00 169.00 OK
r-oldrel-macos-arm64 1.0.0 38.00 NOTE
r-oldrel-macos-x86_64 1.0.0 71.00 NOTE
r-oldrel-windows-ix86+x86_64 1.0.0 114.00 134.00 248.00 OK

Check Details

Version: 1.0.0
Check: C++ specification
Result: NOTE
     Specified C++11: please update to current default of C++17
Flavors: r-devel-linux-x86_64-debian-gcc, r-devel-linux-x86_64-fedora-clang, r-devel-linux-x86_64-fedora-gcc

Version: 1.0.0
Check: dependencies in R code
Result: NOTE
    Namespace in Imports field not imported from: ‘methods’
     All declared Imports should be used.
Flavors: r-devel-linux-x86_64-fedora-clang, r-devel-linux-x86_64-fedora-gcc, r-release-macos-arm64, r-release-macos-x86_64, r-oldrel-macos-arm64, r-oldrel-macos-x86_64