CRAN Package Check Results for Package walmartAPI

Last updated on 2023-01-28 08:00:50 CET.

Flavor Version Tinstall Tcheck Ttotal Status Flags
r-devel-linux-x86_64-debian-clang 0.1.5 2.15 22.46 24.61 NOTE
r-devel-linux-x86_64-debian-gcc 0.1.5 1.45 17.88 19.33 NOTE
r-devel-linux-x86_64-fedora-clang 0.1.5 32.68 NOTE
r-devel-linux-x86_64-fedora-gcc 0.1.5 30.52 NOTE
r-patched-linux-x86_64 0.1.5 1.86 22.67 24.53 NOTE
r-release-linux-x86_64 0.1.5 1.52 22.76 24.28 NOTE
r-release-macos-arm64 0.1.5 15.00 NOTE
r-release-macos-x86_64 0.1.5 27.00 NOTE
r-release-windows-x86_64 0.1.5 23.00 51.00 74.00 NOTE
r-oldrel-macos-arm64 0.1.5 18.00 NOTE
r-oldrel-macos-x86_64 0.1.5 21.00 NOTE
r-oldrel-windows-ix86+x86_64 0.1.5 7.00 45.00 52.00 NOTE

Check Details

Version: 0.1.5
Check: LazyData
Result: NOTE
     'LazyData' is specified without a 'data' directory
Flavors: r-devel-linux-x86_64-debian-clang, r-devel-linux-x86_64-debian-gcc, r-devel-linux-x86_64-fedora-clang, r-devel-linux-x86_64-fedora-gcc, r-patched-linux-x86_64, r-release-linux-x86_64, r-release-macos-arm64, r-release-macos-x86_64, r-release-windows-x86_64, r-oldrel-macos-arm64, r-oldrel-macos-x86_64, r-oldrel-windows-ix86+x86_64