Last updated on 2023-09-24 08:58:33 CEST.
Flavor | Version | Tinstall | Tcheck | Ttotal | Status | Flags |
---|---|---|---|---|---|---|
r-devel-linux-x86_64-debian-clang | 0.2.5 | 7.81 | 49.18 | 56.99 | OK | |
r-devel-linux-x86_64-debian-gcc | 0.2.5 | 7.88 | 38.21 | 46.09 | OK | |
r-devel-linux-x86_64-fedora-clang | 0.2.5 | 72.18 | NOTE | |||
r-devel-linux-x86_64-fedora-gcc | 0.2.5 | 84.18 | NOTE | |||
r-devel-windows-x86_64 | 0.2.5 | 10.00 | 64.00 | 74.00 | OK | |
r-patched-linux-x86_64 | 0.2.5 | 10.59 | 48.07 | 58.66 | OK | |
r-release-linux-x86_64 | 0.2.5 | 10.02 | 48.09 | 58.11 | OK | |
r-release-macos-arm64 | 0.2.5 | 33.00 | OK | |||
r-release-macos-x86_64 | 0.2.5 | 49.00 | OK | |||
r-release-windows-x86_64 | 0.2.5 | 13.00 | 70.00 | 83.00 | OK | |
r-oldrel-macos-arm64 | 0.2.5 | 25.00 | NOTE | |||
r-oldrel-macos-x86_64 | 0.2.5 | 34.00 | NOTE | |||
r-oldrel-windows-x86_64 | 0.2.5 | 14.00 | 74.00 | 88.00 | OK |
Version: 0.2.5
Check: dependencies in R code
Result: NOTE
Namespace in Imports field not imported from: ‘R6’
All declared Imports should be used.
Flavors: r-devel-linux-x86_64-fedora-clang, r-devel-linux-x86_64-fedora-gcc, r-oldrel-macos-arm64, r-oldrel-macos-x86_64