CRAN Package Check Results for Package waiter

Last updated on 2022-11-28 07:02:00 CET.

Flavor Version Tinstall Tcheck Ttotal Status Flags
r-devel-linux-x86_64-debian-clang 0.2.5 10.91 49.20 60.11 OK
r-devel-linux-x86_64-debian-gcc 0.2.5 6.40 38.20 44.60 OK
r-devel-linux-x86_64-fedora-clang 0.2.5 87.62 NOTE
r-devel-linux-x86_64-fedora-gcc 0.2.5 81.85 NOTE
r-devel-windows-x86_64 0.2.5 42.00 87.00 129.00 OK
r-patched-linux-x86_64 0.2.5 9.57 46.53 56.10 OK
r-release-linux-x86_64 0.2.5 6.35 47.26 53.61 OK
r-release-macos-arm64 0.2.5 25.00 NOTE
r-release-macos-x86_64 0.2.5 34.00 NOTE
r-release-windows-x86_64 0.2.5 34.00 98.00 132.00 OK
r-oldrel-macos-arm64 0.2.5 22.00 NOTE
r-oldrel-macos-x86_64 0.2.5 37.00 NOTE
r-oldrel-windows-ix86+x86_64 0.2.5 18.00 75.00 93.00 OK

Check Details

Version: 0.2.5
Check: dependencies in R code
Result: NOTE
    Namespace in Imports field not imported from: ‘R6’
     All declared Imports should be used.
Flavors: r-devel-linux-x86_64-fedora-clang, r-devel-linux-x86_64-fedora-gcc, r-release-macos-arm64, r-release-macos-x86_64, r-oldrel-macos-arm64, r-oldrel-macos-x86_64