Last updated on 2023-01-30 09:54:29 CET.
Flavor | Version | Tinstall | Tcheck | Ttotal | Status | Flags |
---|---|---|---|---|---|---|
r-devel-linux-x86_64-debian-clang | 0.2.3 | 16.23 | 106.45 | 122.68 | OK | |
r-devel-linux-x86_64-debian-gcc | 0.2.3 | 10.54 | 78.19 | 88.73 | OK | |
r-devel-linux-x86_64-fedora-clang | 0.2.3 | 150.71 | NOTE | |||
r-devel-linux-x86_64-fedora-gcc | 0.2.3 | 154.15 | NOTE | |||
r-devel-windows-x86_64 | 0.2.3 | 142.00 | 172.00 | 314.00 | NOTE | |
r-patched-linux-x86_64 | 0.2.3 | 20.55 | 99.78 | 120.33 | OK | |
r-release-linux-x86_64 | 0.2.3 | 11.66 | 100.07 | 111.73 | OK | |
r-release-macos-arm64 | 0.2.3 | 48.00 | NOTE | |||
r-release-macos-x86_64 | 0.2.3 | 68.00 | NOTE | |||
r-release-windows-x86_64 | 0.2.3 | 132.00 | 147.00 | 279.00 | NOTE | |
r-oldrel-macos-arm64 | 0.2.3 | 47.00 | NOTE | |||
r-oldrel-macos-x86_64 | 0.2.3 | 65.00 | NOTE | |||
r-oldrel-windows-ix86+x86_64 | 0.2.3 | 38.00 | 128.00 | 166.00 | NOTE |
Version: 0.2.3
Check: installed package size
Result: NOTE
installed size is 9.9Mb
sub-directories of 1Mb or more:
extdata 8.6Mb
Flavors: r-devel-linux-x86_64-fedora-clang, r-devel-windows-x86_64, r-release-macos-arm64, r-release-macos-x86_64, r-release-windows-x86_64, r-oldrel-macos-arm64, r-oldrel-macos-x86_64, r-oldrel-windows-ix86+x86_64
Version: 0.2.3
Check: dependencies in R code
Result: NOTE
Namespace in Imports field not imported from: ‘usethis’
All declared Imports should be used.
Flavors: r-devel-linux-x86_64-fedora-clang, r-devel-linux-x86_64-fedora-gcc, r-release-macos-arm64, r-release-macos-x86_64, r-oldrel-macos-arm64, r-oldrel-macos-x86_64