CRAN Package Check Results for Package vov

Last updated on 2023-01-27 07:50:47 CET.

Flavor Version Tinstall Tcheck Ttotal Status Flags
r-devel-linux-x86_64-debian-clang 0.1.2 2.83 31.82 34.65 NOTE
r-devel-linux-x86_64-debian-gcc 0.1.2 2.48 24.41 26.89 NOTE
r-devel-linux-x86_64-fedora-clang 0.1.2 43.94 NOTE
r-devel-linux-x86_64-fedora-gcc 0.1.2 43.03 NOTE
r-patched-linux-x86_64 0.1.2 3.32 29.57 32.89 NOTE
r-release-linux-x86_64 0.1.2 2.23 29.41 31.64 NOTE
r-release-macos-arm64 0.1.2 18.00 NOTE
r-release-macos-x86_64 0.1.2 32.00 NOTE
r-release-windows-x86_64 0.1.2 31.00 63.00 94.00 NOTE
r-oldrel-macos-arm64 0.1.2 23.00 NOTE
r-oldrel-macos-x86_64 0.1.2 27.00 NOTE
r-oldrel-windows-ix86+x86_64 0.1.2 8.00 58.00 66.00 NOTE

Check Details

Version: 0.1.2
Check: LazyData
Result: NOTE
     'LazyData' is specified without a 'data' directory
Flavors: r-devel-linux-x86_64-debian-clang, r-devel-linux-x86_64-debian-gcc, r-devel-linux-x86_64-fedora-clang, r-devel-linux-x86_64-fedora-gcc, r-patched-linux-x86_64, r-release-linux-x86_64, r-release-macos-arm64, r-release-macos-x86_64, r-release-windows-x86_64, r-oldrel-macos-arm64, r-oldrel-macos-x86_64, r-oldrel-windows-ix86+x86_64