Last updated on 2023-01-29 08:57:17 CET.
Flavor | Version | Tinstall | Tcheck | Ttotal | Status | Flags |
---|---|---|---|---|---|---|
r-devel-linux-x86_64-debian-clang | 0.1.0 | 6.10 | 55.57 | 61.67 | OK | |
r-devel-linux-x86_64-debian-gcc | 0.1.0 | 4.34 | 41.27 | 45.61 | OK | |
r-devel-linux-x86_64-fedora-clang | 0.1.0 | 75.18 | NOTE | |||
r-devel-linux-x86_64-fedora-gcc | 0.1.0 | 84.80 | NOTE | |||
r-patched-linux-x86_64 | 0.1.0 | 6.17 | 53.61 | 59.78 | OK | |
r-release-linux-x86_64 | 0.1.0 | 4.54 | 53.60 | 58.14 | OK | |
r-release-macos-arm64 | 0.1.0 | 28.00 | NOTE | |||
r-release-macos-x86_64 | 0.1.0 | 44.00 | NOTE | |||
r-release-windows-x86_64 | 0.1.0 | 30.00 | 95.00 | 125.00 | OK | |
r-oldrel-macos-arm64 | 0.1.0 | 31.00 | NOTE | |||
r-oldrel-macos-x86_64 | 0.1.0 | 42.00 | NOTE | |||
r-oldrel-windows-ix86+x86_64 | 0.1.0 | 16.00 | 78.00 | 94.00 | OK |
Version: 0.1.0
Check: dependencies in R code
Result: NOTE
Namespace in Imports field not imported from: ‘glue’
All declared Imports should be used.
Flavors: r-devel-linux-x86_64-fedora-clang, r-devel-linux-x86_64-fedora-gcc, r-release-macos-arm64, r-release-macos-x86_64, r-oldrel-macos-arm64, r-oldrel-macos-x86_64