CRAN Package Check Results for Package voiceR

Last updated on 2024-02-23 07:52:24 CET.

Flavor Version Tinstall Tcheck Ttotal Status Flags
r-devel-linux-x86_64-debian-clang 0.1.0 OK
r-devel-linux-x86_64-debian-gcc 0.1.0 29.69 170.02 199.71 OK
r-devel-linux-x86_64-fedora-clang 0.1.0 333.24 NOTE
r-devel-linux-x86_64-fedora-gcc 0.1.0 329.10 OK
r-devel-windows-x86_64 0.1.0 36.00 177.00 213.00 OK
r-patched-linux-x86_64 0.1.0 31.44 224.67 256.11 OK
r-release-linux-x86_64 0.1.0 36.37 222.11 258.48 OK
r-release-macos-arm64 0.1.0 107.00 OK
r-release-macos-x86_64 0.1.0 173.00 OK
r-release-windows-x86_64 0.1.0 47.00 222.00 269.00 OK
r-oldrel-macos-arm64 0.1.0 128.00 OK
r-oldrel-windows-x86_64 0.1.0 45.00 238.00 283.00 OK

Check Details

Version: 0.1.0
Check: package dependencies
Result: NOTE Imports includes 25 non-default packages. Importing from so many packages makes the package vulnerable to any of them becoming unavailable. Move as many as possible to Suggests and use conditionally. Flavor: r-devel-linux-x86_64-fedora-clang