CRAN Package Check Results for Package vivo

Last updated on 2023-01-30 09:54:29 CET.

Flavor Version Tinstall Tcheck Ttotal Status Flags
r-devel-linux-x86_64-debian-clang 0.2.1 5.66 94.44 100.10 NOTE
r-devel-linux-x86_64-debian-gcc 0.2.1 4.80 70.64 75.44 NOTE
r-devel-linux-x86_64-fedora-clang 0.2.1 122.28 NOTE
r-devel-linux-x86_64-fedora-gcc 0.2.1 132.34 NOTE
r-devel-windows-x86_64 0.2.1 19.00 135.00 154.00 NOTE
r-patched-linux-x86_64 0.2.1 5.33 89.97 95.30 NOTE
r-release-linux-x86_64 0.2.1 5.09 89.09 94.18 NOTE
r-release-macos-arm64 0.2.1 61.00 NOTE
r-release-macos-x86_64 0.2.1 72.00 NOTE
r-release-windows-x86_64 0.2.1 22.00 172.00 194.00 NOTE
r-oldrel-macos-arm64 0.2.1 66.00 NOTE
r-oldrel-macos-x86_64 0.2.1 75.00 NOTE
r-oldrel-windows-ix86+x86_64 0.2.1 15.00 124.00 139.00 NOTE

Check Details

Version: 0.2.1
Check: LazyData
Result: NOTE
     'LazyData' is specified without a 'data' directory
Flavors: r-devel-linux-x86_64-debian-clang, r-devel-linux-x86_64-debian-gcc, r-devel-linux-x86_64-fedora-clang, r-devel-linux-x86_64-fedora-gcc, r-devel-windows-x86_64, r-patched-linux-x86_64, r-release-linux-x86_64, r-release-macos-arm64, r-release-macos-x86_64, r-release-windows-x86_64, r-oldrel-macos-arm64, r-oldrel-macos-x86_64, r-oldrel-windows-ix86+x86_64