Last updated on 2023-12-01 07:50:24 CET.
Flavor | Version | Tinstall | Tcheck | Ttotal | Status | Flags |
---|---|---|---|---|---|---|
r-devel-linux-x86_64-debian-clang | 0.5.3 | 6.42 | 56.64 | 63.06 | NOTE | |
r-devel-linux-x86_64-debian-gcc | 0.5.4 | 4.75 | 41.93 | 46.68 | OK | |
r-devel-linux-x86_64-fedora-clang | 0.5.4 | 82.99 | OK | |||
r-devel-linux-x86_64-fedora-gcc | 0.5.4 | 91.51 | OK | |||
r-devel-windows-x86_64 | 0.5.3 | 8.00 | 70.00 | 78.00 | NOTE | |
r-patched-linux-x86_64 | 0.5.3 | 5.71 | 53.87 | 59.58 | OK | |
r-release-linux-x86_64 | 0.5.3 | 6.84 | 52.79 | 59.63 | OK | |
r-release-macos-arm64 | 0.5.4 | 41.00 | OK | |||
r-release-macos-x86_64 | 0.5.3 | 53.00 | OK | |||
r-release-windows-x86_64 | 0.5.4 | 9.00 | 63.00 | 72.00 | OK | |
r-oldrel-macos-arm64 | 0.5.4 | 36.00 | OK | |||
r-oldrel-macos-x86_64 | 0.5.3 | 39.00 | OK | |||
r-oldrel-windows-x86_64 | 0.5.3 | 10.00 | 78.00 | 88.00 | OK |
Version: 0.5.3
Check: Rd \usage sections
Result: NOTE
Documented arguments not in \usage in Rd file 'insert_preview.Rd':
‘input’
Functions with \usage entries need to have the appropriate \alias
entries, and all their arguments documented.
The \usage entries must correspond to syntactically valid R code.
See chapter ‘Writing R documentation files’ in the ‘Writing R
Extensions’ manual.
Flavors: r-devel-linux-x86_64-debian-clang, r-devel-windows-x86_64