Last updated on 2023-01-28 08:00:50 CET.
Flavor | Version | Tinstall | Tcheck | Ttotal | Status | Flags |
---|---|---|---|---|---|---|
r-devel-linux-x86_64-debian-clang | 1.2.3 | 8.11 | 100.86 | 108.97 | OK | |
r-devel-linux-x86_64-debian-gcc | 1.2.3 | 6.05 | 74.47 | 80.52 | OK | |
r-devel-linux-x86_64-fedora-clang | 1.2.3 | 132.59 | NOTE | |||
r-devel-linux-x86_64-fedora-gcc | 1.2.3 | 140.77 | OK | |||
r-patched-linux-x86_64 | 1.2.3 | 7.32 | 98.23 | 105.55 | OK | |
r-release-linux-x86_64 | 1.2.3 | 6.21 | 93.19 | 99.40 | OK | |
r-release-macos-arm64 | 1.2.3 | 52.00 | NOTE | |||
r-release-macos-x86_64 | 1.2.3 | 60.00 | NOTE | |||
r-release-windows-x86_64 | 1.2.3 | 26.00 | 153.00 | 179.00 | NOTE | |
r-oldrel-macos-arm64 | 1.2.3 | 48.00 | NOTE | |||
r-oldrel-macos-x86_64 | 1.2.3 | 72.00 | NOTE | |||
r-oldrel-windows-ix86+x86_64 | 1.2.3 | 23.00 | 145.00 | 168.00 | NOTE |
Version: 1.2.3
Check: installed package size
Result: NOTE
installed size is 5.8Mb
sub-directories of 1Mb or more:
doc 5.5Mb
Flavors: r-devel-linux-x86_64-fedora-clang, r-release-macos-arm64, r-release-macos-x86_64, r-release-windows-x86_64, r-oldrel-macos-arm64, r-oldrel-macos-x86_64, r-oldrel-windows-ix86+x86_64