CRAN Package Check Results for Package visTree

Last updated on 2023-01-30 09:54:29 CET.

Flavor Version Tinstall Tcheck Ttotal Status Flags
r-devel-linux-x86_64-debian-clang 0.8.1 9.63 87.56 97.19 OK
r-devel-linux-x86_64-debian-gcc 0.8.1 6.92 67.72 74.64 OK
r-devel-linux-x86_64-fedora-clang 0.8.1 121.97 NOTE
r-devel-linux-x86_64-fedora-gcc 0.8.1 133.14 NOTE
r-devel-windows-x86_64 0.8.1 17.00 132.00 149.00 OK
r-patched-linux-x86_64 0.8.1 7.38 84.51 91.89 OK
r-release-linux-x86_64 0.8.1 6.92 85.96 92.88 OK
r-release-macos-arm64 0.8.1 41.00 NOTE
r-release-macos-x86_64 0.8.1 56.00 NOTE
r-release-windows-x86_64 0.8.1 19.00 127.00 146.00 OK
r-oldrel-macos-arm64 0.8.1 44.00 NOTE
r-oldrel-macos-x86_64 0.8.1 76.00 NOTE
r-oldrel-windows-ix86+x86_64 0.8.1 19.00 115.00 134.00 OK

Check Details

Version: 0.8.1
Check: dependencies in R code
Result: NOTE
    Namespace in Imports field not imported from: ‘rpart’
     All declared Imports should be used.
Flavors: r-devel-linux-x86_64-fedora-clang, r-devel-linux-x86_64-fedora-gcc, r-release-macos-arm64, r-release-macos-x86_64, r-oldrel-macos-arm64, r-oldrel-macos-x86_64