CRAN Package Check Results for Package vindecodr

Last updated on 2025-01-25 07:50:47 CET.

Flavor Version Tinstall Tcheck Ttotal Status Flags
r-devel-linux-x86_64-debian-clang 0.1.1 1.82 17.60 19.42 OK
r-devel-linux-x86_64-debian-gcc 0.1.1 1.23 14.77 16.00 OK
r-devel-linux-x86_64-fedora-clang 0.1.1 31.62 OK
r-devel-linux-x86_64-fedora-gcc 0.1.1 29.79 OK
r-devel-windows-x86_64 0.1.1 3.00 41.00 44.00 OK
r-patched-linux-x86_64 0.1.1 1.70 16.73 18.43 NOTE
r-release-linux-x86_64 0.1.1 1.69 17.03 18.72 NOTE
r-release-macos-arm64 0.1.1 14.00 NOTE
r-release-macos-x86_64 0.1.1 20.00 NOTE
r-release-windows-x86_64 0.1.1 3.00 41.00 44.00 NOTE
r-oldrel-macos-arm64 0.1.1 15.00 NOTE
r-oldrel-macos-x86_64 0.1.1 19.00 NOTE
r-oldrel-windows-x86_64 0.1.1 4.00 42.00 46.00 NOTE

Check Details

Version: 0.1.1
Check: LazyData
Result: NOTE 'LazyData' is specified without a 'data' directory Flavors: r-patched-linux-x86_64, r-release-linux-x86_64, r-release-macos-arm64, r-release-macos-x86_64, r-release-windows-x86_64, r-oldrel-macos-arm64, r-oldrel-macos-x86_64, r-oldrel-windows-x86_64