Last updated on 2023-05-30 08:02:34 CEST.
Flavor | Version | Tinstall | Tcheck | Ttotal | Status | Flags |
---|---|---|---|---|---|---|
r-devel-linux-x86_64-debian-clang | 2.3.1 | 8.91 | 315.10 | 324.01 | OK | |
r-devel-linux-x86_64-debian-gcc | 2.3.1 | 6.79 | 242.78 | 249.57 | OK | |
r-devel-linux-x86_64-fedora-clang | 2.3.1 | 376.39 | OK | |||
r-devel-linux-x86_64-fedora-gcc | 2.3.1 | 376.20 | OK | |||
r-devel-windows-x86_64 | 2.3.1 | 10.00 | 272.00 | 282.00 | OK | |
r-patched-linux-x86_64 | 2.3.1 | 7.88 | 297.88 | 305.76 | OK | |
r-release-linux-x86_64 | 2.3.1 | 7.63 | 295.31 | 302.94 | OK | |
r-release-macos-arm64 | 2.3.1 | 141.00 | OK | |||
r-release-macos-x86_64 | 2.3.1 | 211.00 | NOTE | |||
r-release-windows-x86_64 | 2.3.1 | 11.00 | 312.00 | 323.00 | OK | |
r-oldrel-macos-arm64 | 2.3.1 | 104.00 | OK | |||
r-oldrel-macos-x86_64 | 2.3.1 | 204.00 | OK | |||
r-oldrel-windows-x86_64 | 2.3.1 | 12.00 | 292.00 | 304.00 | OK |
Version: 2.3.1
Check: package dependencies
Result: NOTE
Package suggested but not available for checking: ‘xgboost’
Flavor: r-release-macos-x86_64