Last updated on 2023-12-03 08:50:27 CET.
Flavor | Version | Tinstall | Tcheck | Ttotal | Status | Flags |
---|---|---|---|---|---|---|
r-devel-linux-x86_64-debian-clang | 2.3.3 | 9.12 | 317.64 | 326.76 | NOTE | |
r-devel-linux-x86_64-debian-gcc | 2.3.3 | 7.42 | 239.11 | 246.53 | NOTE | |
r-devel-linux-x86_64-fedora-clang | 2.3.3 | 397.42 | OK | |||
r-devel-linux-x86_64-fedora-gcc | 2.3.3 | 420.51 | OK | |||
r-devel-windows-x86_64 | 2.3.3 | 9.00 | 281.00 | 290.00 | OK | |
r-patched-linux-x86_64 | 2.3.3 | 11.47 | 300.27 | 311.74 | OK | |
r-release-linux-x86_64 | 2.3.3 | 9.21 | 298.53 | 307.74 | OK | |
r-release-macos-arm64 | 2.3.3 | 135.00 | OK | |||
r-release-macos-x86_64 | 2.3.3 | 327.00 | OK | |||
r-release-windows-x86_64 | 2.3.3 | 11.00 | 326.00 | 337.00 | OK | |
r-oldrel-macos-arm64 | 2.3.3 | 123.00 | OK | |||
r-oldrel-macos-x86_64 | 2.3.3 | 222.00 | OK | |||
r-oldrel-windows-x86_64 | 2.3.3 | 11.00 | 308.00 | 319.00 | OK |
Version: 2.3.3
Check: Rd files
Result: NOTE
checkRd: (-1) average_vim.Rd:18: Lost braces in \itemize; \value handles \item{}{} directly
checkRd: (-1) average_vim.Rd:19: Lost braces in \itemize; \value handles \item{}{} directly
checkRd: (-1) average_vim.Rd:20: Lost braces in \itemize; \value handles \item{}{} directly
checkRd: (-1) average_vim.Rd:21: Lost braces in \itemize; \value handles \item{}{} directly
checkRd: (-1) average_vim.Rd:22: Lost braces in \itemize; \value handles \item{}{} directly
checkRd: (-1) average_vim.Rd:23: Lost braces in \itemize; \value handles \item{}{} directly
checkRd: (-1) average_vim.Rd:24: Lost braces in \itemize; \value handles \item{}{} directly
checkRd: (-1) average_vim.Rd:25: Lost braces in \itemize; \value handles \item{}{} directly
checkRd: (-1) average_vim.Rd:26: Lost braces in \itemize; \value handles \item{}{} directly
checkRd: (-1) average_vim.Rd:27: Lost braces in \itemize; \value handles \item{}{} directly
checkRd: (-1) average_vim.Rd:28: Lost braces in \itemize; \value handles \item{}{} directly
checkRd: (-1) average_vim.Rd:29: Lost braces in \itemize; \value handles \item{}{} directly
checkRd: (-1) merge_vim.Rd:16: Lost braces in \itemize; \value handles \item{}{} directly
checkRd: (-1) merge_vim.Rd:17: Lost braces in \itemize; \value handles \item{}{} directly
checkRd: (-1) merge_vim.Rd:18: Lost braces in \itemize; \value handles \item{}{} directly
checkRd: (-1) merge_vim.Rd:19: Lost braces in \itemize; \value handles \item{}{} directly
checkRd: (-1) merge_vim.Rd:20: Lost braces in \itemize; \value handles \item{}{} directly
checkRd: (-1) merge_vim.Rd:21: Lost braces in \itemize; \value handles \item{}{} directly
checkRd: (-1) merge_vim.Rd:22: Lost braces in \itemize; \value handles \item{}{} directly
checkRd: (-1) merge_vim.Rd:23: Lost braces in \itemize; \value handles \item{}{} directly
checkRd: (-1) merge_vim.Rd:24: Lost braces in \itemize; \value handles \item{}{} directly
checkRd: (-1) merge_vim.Rd:25: Lost braces in \itemize; \value handles \item{}{} directly
checkRd: (-1) merge_vim.Rd:26: Lost braces in \itemize; \value handles \item{}{} directly
checkRd: (-1) merge_vim.Rd:27: Lost braces in \itemize; \value handles \item{}{} directly
checkRd: (-1) merge_vim.Rd:28: Lost braces in \itemize; \value handles \item{}{} directly
Flavors: r-devel-linux-x86_64-debian-clang, r-devel-linux-x86_64-debian-gcc