Last updated on 2023-03-31 07:53:43 CEST.
Flavor | Version | Tinstall | Tcheck | Ttotal | Status | Flags |
---|---|---|---|---|---|---|
r-devel-linux-x86_64-debian-clang | 0.4.0 | 4.77 | 65.94 | 70.71 | OK | |
r-devel-linux-x86_64-debian-gcc | 0.4.0 | 3.88 | 49.32 | 53.20 | OK | |
r-devel-linux-x86_64-fedora-clang | 0.4.0 | 85.66 | NOTE | |||
r-devel-linux-x86_64-fedora-gcc | 0.4.0 | 92.74 | NOTE | |||
r-patched-linux-x86_64 | 0.4.0 | 4.92 | 61.70 | 66.62 | OK | |
r-release-linux-x86_64 | 0.4.0 | 4.21 | 62.90 | 67.11 | OK | |
r-release-macos-arm64 | 0.4.0 | 22.00 | NOTE | |||
r-release-macos-x86_64 | 0.4.0 | 40.00 | NOTE | |||
r-release-windows-x86_64 | 0.4.0 | 12.00 | 99.00 | 111.00 | OK | |
r-oldrel-macos-arm64 | 0.4.0 | 48.00 | NOTE | |||
r-oldrel-macos-x86_64 | 0.4.0 | 38.00 | NOTE | |||
r-oldrel-windows-ix86+x86_64 | 0.4.0 | 15.00 | 87.00 | 102.00 | OK |
Version: 0.4.0
Check: data for non-ASCII characters
Result: NOTE
Note: found 468 marked UTF-8 strings
Flavors: r-devel-linux-x86_64-fedora-clang, r-devel-linux-x86_64-fedora-gcc, r-release-macos-arm64, r-release-macos-x86_64, r-oldrel-macos-arm64, r-oldrel-macos-x86_64