Last updated on 2023-01-26 07:54:05 CET.
Flavor | Version | Tinstall | Tcheck | Ttotal | Status | Flags |
---|---|---|---|---|---|---|
r-devel-linux-x86_64-debian-clang | 0.1.6 | 90.72 | 210.67 | 301.39 | NOTE | |
r-devel-linux-x86_64-debian-gcc | 0.1.6 | 73.43 | 156.85 | 230.28 | NOTE | |
r-devel-linux-x86_64-fedora-clang | 0.1.6 | 381.06 | NOTE | |||
r-devel-linux-x86_64-fedora-gcc | 0.1.6 | 384.41 | NOTE | |||
r-patched-linux-x86_64 | 0.1.6 | 77.89 | 197.36 | 275.25 | NOTE | |
r-release-linux-x86_64 | 0.1.6 | 63.96 | 202.91 | 266.87 | NOTE | |
r-release-macos-arm64 | 0.1.6 | 109.00 | NOTE | |||
r-release-macos-x86_64 | 0.1.6 | 139.00 | NOTE | |||
r-release-windows-x86_64 | 0.1.6 | 74.00 | 261.00 | 335.00 | NOTE | |
r-oldrel-macos-arm64 | 0.1.6 | 116.00 | NOTE | |||
r-oldrel-macos-x86_64 | 0.1.6 | 198.00 | NOTE | |||
r-oldrel-windows-ix86+x86_64 | 0.1.6 | 177.00 | 319.00 | 496.00 | NOTE |
Version: 0.1.6
Check: LazyData
Result: NOTE
'LazyData' is specified without a 'data' directory
Flavors: r-devel-linux-x86_64-debian-clang, r-devel-linux-x86_64-debian-gcc, r-devel-linux-x86_64-fedora-clang, r-devel-linux-x86_64-fedora-gcc, r-patched-linux-x86_64, r-release-linux-x86_64, r-release-macos-arm64, r-release-macos-x86_64, r-release-windows-x86_64, r-oldrel-macos-arm64, r-oldrel-macos-x86_64, r-oldrel-windows-ix86+x86_64
Version: 0.1.6
Check: installed package size
Result: NOTE
installed size is 26.9Mb
sub-directories of 1Mb or more:
libs 26.4Mb
Flavors: r-release-macos-arm64, r-release-macos-x86_64, r-oldrel-macos-arm64, r-oldrel-macos-x86_64