CRAN Package Check Results for Package vegan

Last updated on 2023-06-06 08:02:17 CEST.

Flavor Version Tinstall Tcheck Ttotal Status Flags
r-devel-linux-x86_64-debian-clang 2.6-4 42.47 367.49 409.96 OK
r-devel-linux-x86_64-debian-gcc 2.6-4 34.39 275.38 309.77 OK
r-devel-linux-x86_64-fedora-clang 2.6-4 508.26 NOTE
r-devel-linux-x86_64-fedora-gcc 2.6-4 500.47 OK
r-devel-windows-x86_64 2.6-4 38.00 376.00 414.00 OK
r-patched-linux-x86_64 2.6-4 56.10 348.71 404.81 OK
r-release-linux-x86_64 2.6-4 43.19 346.30 389.49 OK
r-release-macos-arm64 2.6-4 154.00 OK
r-release-macos-x86_64 2.6-4 261.00 OK
r-release-windows-x86_64 2.6-4 53.00 427.00 480.00 OK
r-oldrel-macos-arm64 2.6-4 155.00 OK
r-oldrel-macos-x86_64 2.6-4 172.00 OK
r-oldrel-windows-x86_64 2.6-4 52.00 416.00 468.00 OK

Check Details

Version: 2.6-4
Check: Rd cross-references
Result: NOTE
    Undeclared package ‘coda’ in Rd xrefs
Flavor: r-devel-linux-x86_64-fedora-clang