CRAN Package Check Results for Package vegan

Last updated on 2022-11-28 06:50:26 CET.

Flavor Version Tinstall Tcheck Ttotal Status Flags
r-devel-linux-x86_64-debian-clang 2.6-4 37.92 363.42 401.34 OK
r-devel-linux-x86_64-debian-gcc 2.6-4 35.30 266.76 302.06 OK
r-devel-linux-x86_64-fedora-clang 2.6-4 517.14 NOTE
r-devel-linux-x86_64-fedora-gcc 2.6-4 495.19 OK
r-devel-windows-x86_64 2.6-4 147.00 516.00 663.00 OK
r-patched-linux-x86_64 2.6-4 55.10 327.94 383.04 OK
r-release-linux-x86_64 2.6-4 41.13 327.06 368.19 OK
r-release-macos-arm64 2.6-4 155.00 OK
r-release-macos-x86_64 2.6-4 172.00 OK
r-release-windows-x86_64 2.6-4 150.00 513.00 663.00 OK
r-oldrel-macos-arm64 2.6-4 140.00 OK
r-oldrel-macos-x86_64 2.6-4 173.00 OK
r-oldrel-windows-ix86+x86_64 2.6-4 83.00 528.00 611.00 OK

Check Details

Version: 2.6-4
Check: Rd cross-references
Result: NOTE
    Undeclared package ‘coda’ in Rd xrefs
Flavor: r-devel-linux-x86_64-fedora-clang