Last updated on 2023-02-06 06:52:13 CET.
Flavor | Version | Tinstall | Tcheck | Ttotal | Status | Flags |
---|---|---|---|---|---|---|
r-devel-linux-x86_64-debian-clang | 0.1.0 | 3.38 | 34.41 | 37.79 | OK | |
r-devel-linux-x86_64-debian-gcc | 0.1.0 | 2.51 | 26.98 | 29.49 | OK | |
r-devel-linux-x86_64-fedora-clang | 0.1.0 | 49.99 | NOTE | |||
r-devel-linux-x86_64-fedora-gcc | 0.1.0 | 51.12 | NOTE | |||
r-devel-windows-x86_64 | 0.1.0 | 21.00 | 71.00 | 92.00 | OK | |
r-patched-linux-x86_64 | 0.1.0 | 3.26 | 34.05 | 37.31 | OK | |
r-release-linux-x86_64 | 0.1.0 | 2.11 | 34.80 | 36.91 | OK | |
r-release-macos-arm64 | 0.1.0 | 20.00 | NOTE | |||
r-release-macos-x86_64 | 0.1.0 | 28.00 | NOTE | |||
r-release-windows-x86_64 | 0.1.0 | 23.00 | 69.00 | 92.00 | OK | |
r-oldrel-macos-arm64 | 0.1.0 | 21.00 | NOTE | |||
r-oldrel-macos-x86_64 | 0.1.0 | 35.00 | NOTE | |||
r-oldrel-windows-ix86+x86_64 | 0.1.0 | 9.00 | 61.00 | 70.00 | OK |
Version: 0.1.0
Check: dependencies in R code
Result: NOTE
Namespace in Imports field not imported from: ‘pander’
All declared Imports should be used.
Flavors: r-devel-linux-x86_64-fedora-clang, r-devel-linux-x86_64-fedora-gcc, r-release-macos-arm64, r-release-macos-x86_64, r-oldrel-macos-arm64, r-oldrel-macos-x86_64