CRAN Package Check Results for Package vcmeta

Last updated on 2023-02-02 07:53:15 CET.

Flavor Version Tinstall Tcheck Ttotal Status Flags
r-devel-linux-x86_64-debian-clang 1.1.0 12.35 97.66 110.01 OK
r-devel-linux-x86_64-debian-gcc 1.1.0 10.58 70.65 81.23 OK
r-devel-linux-x86_64-fedora-clang 1.1.0 138.82 NOTE
r-devel-linux-x86_64-fedora-gcc 1.1.0 134.83 NOTE
r-patched-linux-x86_64 1.1.0 14.45 87.96 102.41 OK
r-release-linux-x86_64 1.1.0 11.33 92.10 103.43 OK
r-release-macos-arm64 1.1.0 37.00 NOTE
r-release-macos-x86_64 1.1.0 53.00 NOTE
r-release-windows-x86_64 1.1.0 51.00 137.00 188.00 OK
r-oldrel-macos-arm64 1.1.0 31.00 NOTE
r-oldrel-macos-x86_64 1.1.0 52.00 NOTE
r-oldrel-windows-ix86+x86_64 1.1.0 27.00 124.00 151.00 OK

Check Details

Version: 1.1.0
Check: dependencies in R code
Result: NOTE
    Namespace in Imports field not imported from: ‘mathjaxr’
     All declared Imports should be used.
Flavors: r-devel-linux-x86_64-fedora-clang, r-devel-linux-x86_64-fedora-gcc, r-release-macos-arm64, r-release-macos-x86_64, r-oldrel-macos-arm64, r-oldrel-macos-x86_64