CRAN Package Check Results for Package varband

Last updated on 2022-10-01 07:55:17 CEST.

Flavor Version Tinstall Tcheck Ttotal Status Flags
r-devel-linux-x86_64-debian-clang 0.9.0 30.26 66.10 96.36 NOTE
r-devel-linux-x86_64-debian-gcc 0.9.0 27.32 49.50 76.82 NOTE
r-devel-linux-x86_64-fedora-clang 0.9.0 146.21 NOTE
r-devel-linux-x86_64-fedora-gcc 0.9.0 139.38 NOTE
r-devel-windows-x86_64 0.9.0 39.00 116.00 155.00 NOTE
r-patched-linux-x86_64 0.9.0 32.32 59.51 91.83 NOTE
r-release-linux-x86_64 0.9.0 31.86 57.71 89.57 NOTE
r-release-macos-arm64 0.9.0 41.00 NOTE
r-release-macos-x86_64 0.9.0 55.00 NOTE
r-release-windows-x86_64 0.9.0 34.00 112.00 146.00 NOTE
r-oldrel-macos-arm64 0.9.0 41.00 NOTE
r-oldrel-macos-x86_64 0.9.0 86.00 NOTE
r-oldrel-windows-ix86+x86_64 0.9.0 86.00 125.00 211.00 NOTE

Check Details

Version: 0.9.0
Check: LazyData
Result: NOTE
     'LazyData' is specified without a 'data' directory
Flavors: r-devel-linux-x86_64-debian-clang, r-devel-linux-x86_64-debian-gcc, r-devel-linux-x86_64-fedora-clang, r-devel-linux-x86_64-fedora-gcc, r-devel-windows-x86_64, r-patched-linux-x86_64, r-release-linux-x86_64, r-release-macos-arm64, r-release-macos-x86_64, r-release-windows-x86_64, r-oldrel-macos-arm64, r-oldrel-macos-x86_64, r-oldrel-windows-ix86+x86_64

Version: 0.9.0
Check: compiled code
Result: NOTE
    File ‘varband/libs/varband.so’:
     Found no calls to: ‘R_registerRoutines’, ‘R_useDynamicSymbols’
    
    It is good practice to register native routines and to disable symbol
    search.
    
    See ‘Writing portable packages’ in the ‘Writing R Extensions’ manual.
Flavors: r-devel-linux-x86_64-fedora-clang, r-devel-linux-x86_64-fedora-gcc