Last updated on 2023-03-29 07:55:44 CEST.
Flavor | Version | Tinstall | Tcheck | Ttotal | Status | Flags |
---|---|---|---|---|---|---|
r-devel-linux-x86_64-debian-clang | 0.4 | 9.76 | 131.09 | 140.85 | NOTE | |
r-devel-linux-x86_64-debian-gcc | 0.4 | 8.59 | 101.93 | 110.52 | NOTE | |
r-devel-linux-x86_64-fedora-clang | 0.4 | 166.26 | NOTE | |||
r-devel-linux-x86_64-fedora-gcc | 0.4 | 159.79 | NOTE | |||
r-patched-linux-x86_64 | 0.4 | 9.90 | 124.79 | 134.69 | NOTE | |
r-release-linux-x86_64 | 0.4 | 9.23 | 124.70 | 133.93 | NOTE | |
r-release-macos-arm64 | 0.4 | 46.00 | NOTE | |||
r-release-macos-x86_64 | 0.4 | 93.00 | NOTE | |||
r-release-windows-x86_64 | 0.4 | 18.00 | 166.00 | 184.00 | NOTE | |
r-oldrel-macos-arm64 | 0.4 | 66.00 | NOTE | |||
r-oldrel-macos-x86_64 | 0.4 | 96.00 | NOTE | |||
r-oldrel-windows-ix86+x86_64 | 0.4 | 22.00 | 153.00 | 175.00 | NOTE |
Version: 0.4
Check: LazyData
Result: NOTE
'LazyData' is specified without a 'data' directory
Flavors: r-devel-linux-x86_64-debian-clang, r-devel-linux-x86_64-debian-gcc, r-devel-linux-x86_64-fedora-clang, r-devel-linux-x86_64-fedora-gcc, r-patched-linux-x86_64, r-release-linux-x86_64, r-release-macos-arm64, r-release-macos-x86_64, r-release-windows-x86_64, r-oldrel-macos-arm64, r-oldrel-macos-x86_64, r-oldrel-windows-ix86+x86_64